Last updated on 2023-09-30 00:56:16 CEST.
Flavor | Version | Tinstall | Tcheck | Ttotal | Status | Flags |
---|---|---|---|---|---|---|
r-devel-linux-x86_64-debian-clang | 0.4.1 | 15.06 | 101.06 | 116.12 | NOTE | |
r-devel-linux-x86_64-debian-gcc | 0.4.1 | 10.57 | 73.74 | 84.31 | NOTE | |
r-devel-linux-x86_64-fedora-clang | 0.4.1 | 143.86 | NOTE | |||
r-devel-linux-x86_64-fedora-gcc | 0.4.1 | 132.08 | NOTE | |||
r-devel-windows-x86_64 | 0.4.1 | 13.00 | 97.00 | 110.00 | NOTE | |
r-patched-linux-x86_64 | 0.4.1 | 8.89 | 96.01 | 104.90 | NOTE | |
r-release-linux-x86_64 | 0.4.1 | 8.84 | 93.89 | 102.73 | NOTE | |
r-release-macos-arm64 | 0.4.1 | 40.00 | NOTE | |||
r-release-macos-x86_64 | 0.4.1 | 67.00 | NOTE | |||
r-release-windows-x86_64 | 0.4.1 | 18.00 | 116.00 | 134.00 | NOTE | |
r-oldrel-macos-arm64 | 0.4.1 | 38.00 | NOTE | |||
r-oldrel-macos-x86_64 | 0.4.1 | 66.00 | NOTE | |||
r-oldrel-windows-x86_64 | 0.4.1 | 19.00 | 113.00 | 132.00 | NOTE |
Version: 0.4.1
Check: LazyData
Result: NOTE
'LazyData' is specified without a 'data' directory
Flavors: r-devel-linux-x86_64-debian-clang, r-devel-linux-x86_64-debian-gcc, r-devel-linux-x86_64-fedora-clang, r-devel-linux-x86_64-fedora-gcc, r-devel-windows-x86_64, r-patched-linux-x86_64, r-release-linux-x86_64, r-release-macos-arm64, r-release-macos-x86_64, r-release-windows-x86_64, r-oldrel-macos-arm64, r-oldrel-macos-x86_64, r-oldrel-windows-x86_64