CRAN Package Check Results for Package revtools

Last updated on 2022-10-05 18:49:09 CEST.

Flavor Version Tinstall Tcheck Ttotal Status Flags
r-devel-linux-x86_64-debian-clang 0.4.1 15.15 107.09 122.24 NOTE
r-devel-linux-x86_64-debian-gcc 0.4.1 11.61 77.75 89.36 NOTE
r-devel-linux-x86_64-fedora-clang 0.4.1 156.24 NOTE
r-devel-linux-x86_64-fedora-gcc 0.4.1 145.39 NOTE
r-devel-windows-x86_64 0.4.1 49.00 135.00 184.00 NOTE
r-patched-linux-x86_64 0.4.1 9.70 97.44 107.14 NOTE
r-release-linux-x86_64 0.4.1 11.96 97.13 109.09 NOTE
r-release-macos-arm64 0.4.1 38.00 NOTE
r-release-macos-x86_64 0.4.1 66.00 NOTE
r-release-windows-x86_64 0.4.1 27.00 138.00 165.00 NOTE
r-oldrel-macos-arm64 0.4.1 47.00 NOTE
r-oldrel-macos-x86_64 0.4.1 75.00 NOTE
r-oldrel-windows-ix86+x86_64 0.4.1 32.00 119.00 151.00 NOTE

Check Details

Version: 0.4.1
Check: LazyData
Result: NOTE
     'LazyData' is specified without a 'data' directory
Flavors: r-devel-linux-x86_64-debian-clang, r-devel-linux-x86_64-debian-gcc, r-devel-linux-x86_64-fedora-clang, r-devel-linux-x86_64-fedora-gcc, r-devel-windows-x86_64, r-patched-linux-x86_64, r-release-linux-x86_64, r-release-macos-arm64, r-release-macos-x86_64, r-release-windows-x86_64, r-oldrel-macos-arm64, r-oldrel-macos-x86_64, r-oldrel-windows-ix86+x86_64