CRAN Package Check Results for Package reverseR

Last updated on 2022-10-06 01:49:58 CEST.

Flavor Version Tinstall Tcheck Ttotal Status Flags
r-devel-linux-x86_64-debian-clang 0.1 5.05 67.63 72.68 NOTE
r-devel-linux-x86_64-debian-gcc 0.1 4.31 50.41 54.72 NOTE
r-devel-linux-x86_64-fedora-clang 0.1 99.10 NOTE
r-devel-linux-x86_64-fedora-gcc 0.1 94.75 NOTE
r-devel-windows-x86_64 0.1 19.00 91.00 110.00 NOTE
r-patched-linux-x86_64 0.1 4.86 64.49 69.35 NOTE
r-release-linux-x86_64 0.1 5.22 63.55 68.77 NOTE
r-release-macos-arm64 0.1 23.00 NOTE
r-release-macos-x86_64 0.1 50.00 NOTE
r-release-windows-x86_64 0.1 16.00 98.00 114.00 NOTE
r-oldrel-macos-arm64 0.1 28.00 NOTE
r-oldrel-macos-x86_64 0.1 44.00 NOTE
r-oldrel-windows-ix86+x86_64 0.1 14.00 92.00 106.00 NOTE

Check Details

Version: 0.1
Check: LazyData
Result: NOTE
     'LazyData' is specified without a 'data' directory
Flavors: r-devel-linux-x86_64-debian-clang, r-devel-linux-x86_64-debian-gcc, r-devel-linux-x86_64-fedora-clang, r-devel-linux-x86_64-fedora-gcc, r-devel-windows-x86_64, r-patched-linux-x86_64, r-release-linux-x86_64, r-release-macos-arm64, r-release-macos-x86_64, r-release-windows-x86_64, r-oldrel-macos-arm64, r-oldrel-macos-x86_64, r-oldrel-windows-ix86+x86_64

Version: 0.1
Check: dependencies in R code
Result: NOTE
    Namespace in Imports field not imported from: ‘DT’
     All declared Imports should be used.
Flavors: r-devel-linux-x86_64-fedora-clang, r-devel-linux-x86_64-fedora-gcc, r-release-macos-arm64, r-release-macos-x86_64, r-oldrel-macos-arm64, r-oldrel-macos-x86_64