Last updated on 2023-03-23 06:52:32 CET.
Flavor | Version | Tinstall | Tcheck | Ttotal | Status | Flags |
---|---|---|---|---|---|---|
r-devel-linux-x86_64-debian-clang | 0.2.4 | 83.79 | 59.93 | 143.72 | OK | |
r-devel-linux-x86_64-debian-gcc | 0.2.4 | 71.05 | 46.69 | 117.74 | OK | |
r-devel-linux-x86_64-fedora-clang | 0.2.4 | 196.44 | OK | |||
r-devel-linux-x86_64-fedora-gcc | 0.2.4 | 204.25 | OK | |||
r-patched-linux-x86_64 | 0.2.4 | 78.17 | 60.76 | 138.93 | OK | |
r-release-linux-x86_64 | 0.2.4 | 78.01 | 60.91 | 138.92 | OK | |
r-release-macos-arm64 | 0.2.4 | 64.00 | NOTE | |||
r-release-macos-x86_64 | 0.2.4 | 72.00 | NOTE | |||
r-release-windows-x86_64 | 0.2.4 | 118.00 | 187.00 | 305.00 | NOTE | |
r-oldrel-macos-arm64 | 0.2.4 | 52.00 | NOTE | |||
r-oldrel-macos-x86_64 | 0.2.4 | 79.00 | NOTE | |||
r-oldrel-windows-ix86+x86_64 | 0.2.4 | 178.00 | 102.00 | 280.00 | NOTE |
Version: 0.2.4
Check: installed package size
Result: NOTE
installed size is 23.1Mb
sub-directories of 1Mb or more:
include 1.9Mb
libs 19.5Mb
models 1.6Mb
Flavors: r-release-macos-arm64, r-release-macos-x86_64, r-release-windows-x86_64, r-oldrel-macos-arm64, r-oldrel-macos-x86_64, r-oldrel-windows-ix86+x86_64