Last updated on 2022-08-07 21:56:33 CEST.
Flavor | Version | Tinstall | Tcheck | Ttotal | Status | Flags |
---|---|---|---|---|---|---|
r-devel-linux-x86_64-debian-clang | 1.4.4 | 20.77 | 36.81 | 57.58 | NOTE | |
r-devel-linux-x86_64-debian-gcc | 1.4.4 | 16.46 | 28.42 | 44.88 | NOTE | |
r-devel-linux-x86_64-fedora-clang | 1.4.4 | 87.38 | NOTE | |||
r-devel-linux-x86_64-fedora-gcc | 1.4.4 | 79.97 | NOTE | |||
r-devel-windows-x86_64 | 1.4.4 | 34.00 | 81.00 | 115.00 | NOTE | |
r-patched-linux-x86_64 | 1.4.4 | 16.42 | 35.03 | 51.45 | OK | |
r-release-linux-x86_64 | 1.4.4 | 18.67 | 35.05 | 53.72 | OK | |
r-release-macos-arm64 | 1.4.4 | 22.00 | OK | |||
r-release-macos-x86_64 | 1.4.4 | 34.00 | OK | |||
r-release-windows-x86_64 | 1.4.4 | 38.00 | 81.00 | 119.00 | OK | |
r-oldrel-macos-arm64 | 1.4.4 | 26.00 | OK | |||
r-oldrel-macos-x86_64 | 1.4.4 | 38.00 | OK | |||
r-oldrel-windows-ix86+x86_64 | 1.4.4 | 51.00 | 80.00 | 131.00 | OK |
Version: 1.4.4
Check: Rd files
Result: NOTE
checkRd: (-1) cast.Rd:45: Escaped LaTeX specials: \_
checkRd: (-1) cast.Rd:46: Escaped LaTeX specials: \_
Flavors: r-devel-linux-x86_64-debian-clang, r-devel-linux-x86_64-debian-gcc, r-devel-linux-x86_64-fedora-clang, r-devel-linux-x86_64-fedora-gcc, r-devel-windows-x86_64