CRAN Package Check Results for Package repmis

Last updated on 2022-12-10 00:50:03 CET.

Flavor Version Tinstall Tcheck Ttotal Status Flags
r-devel-linux-x86_64-debian-clang 0.5 4.28 41.30 45.58 NOTE
r-devel-linux-x86_64-debian-gcc 0.5 3.15 31.40 34.55 NOTE
r-devel-linux-x86_64-fedora-clang 0.5 65.09 NOTE
r-devel-linux-x86_64-fedora-gcc 0.5 73.08 NOTE
r-devel-windows-x86_64 0.5 11.00 69.00 80.00 OK
r-patched-linux-x86_64 0.5 6.32 38.41 44.73 NOTE
r-release-linux-x86_64 0.5 4.16 46.72 50.88 NOTE
r-release-macos-arm64 0.5 27.00 OK
r-release-macos-x86_64 0.5 37.00 OK
r-release-windows-x86_64 0.5 10.00 90.00 100.00 OK
r-oldrel-macos-arm64 0.5 35.00 OK
r-oldrel-macos-x86_64 0.5 42.00 OK
r-oldrel-windows-ix86+x86_64 0.5 9.00 62.00 71.00 OK

Check Details

Version: 0.5
Check: for non-standard things in the check directory
Result: NOTE
    Found the following files/directories:
     'PackageCites.bib'
Flavors: r-devel-linux-x86_64-debian-clang, r-devel-linux-x86_64-debian-gcc, r-devel-linux-x86_64-fedora-clang, r-devel-linux-x86_64-fedora-gcc, r-patched-linux-x86_64, r-release-linux-x86_64