CRAN Package Check Results for Package repeated

Last updated on 2024-05-27 12:51:44 CEST.

Flavor Version Tinstall Tcheck Ttotal Status Flags
r-devel-linux-x86_64-debian-clang 1.1.7 50.91 114.27 165.18 OK
r-devel-linux-x86_64-debian-gcc 1.1.7 40.71 81.08 121.79 WARN
r-devel-linux-x86_64-fedora-clang 1.1.7 163.80 WARN
r-devel-linux-x86_64-fedora-gcc 1.1.7 192.17 WARN
r-devel-windows-x86_64 1.1.7 39.00 89.00 128.00 WARN
r-patched-linux-x86_64 1.1.7 44.45 108.62 153.07 WARN
r-release-linux-x86_64 1.1.7 44.51 105.68 150.19 OK
r-release-macos-arm64 1.1.7 44.00 OK
r-release-windows-x86_64 1.1.7 43.00 88.00 131.00 OK
r-oldrel-macos-arm64 1.1.7 47.00 OK
r-oldrel-macos-x86_64 1.1.7 114.00 OK
r-oldrel-windows-x86_64 1.1.7 43.00 112.00 155.00 OK

Check Details

Version: 1.1.7
Check: whether package can be installed
Result: WARN Found the following significant warnings: Warning: Fortran 2018 deleted feature: DO termination statement which is not END DO or CONTINUE with label 180 at (1) Warning: Fortran 2018 deleted feature: DO termination statement which is not END DO or CONTINUE with label 250 at (1) Warning: Fortran 2018 deleted feature: DO termination statement which is not END DO or CONTINUE with label 260 at (1) Warning: Fortran 2018 deleted feature: DO termination statement which is not END DO or CONTINUE with label 100 at (1) Warning: Fortran 2018 deleted feature: Shared DO termination label 720 at (1) Warning: Fortran 2018 deleted feature: Shared DO termination label 880 at (1) Warning: Fortran 2018 deleted feature: DO termination statement which is not END DO or CONTINUE with label 90 at (1) Warning: Fortran 2018 deleted feature: DO termination statement which is not END DO or CONTINUE with label 140 at (1) Warning: Fortran 2018 deleted feature: DO termination statement which is not END DO or CONTINUE with label 150 at (1) Warning: Fortran 2018 deleted feature: DO termination statement which is not END DO or CONTINUE with label 60 at (1) Warning: Fortran 2018 deleted feature: DO termination statement which is not END DO or CONTINUE with label 40 at (1) Warning: Fortran 2018 deleted feature: DO termination statement which is not END DO or CONTINUE with label 120 at (1) Warning: Fortran 2018 deleted feature: DO termination statement which is not END DO or CONTINUE with label 610 at (1) Warning: Fortran 2018 deleted feature: DO termination statement which is not END DO or CONTINUE with label 820 at (1) Warning: Fortran 2018 deleted feature: DO termination statement which is not END DO or CONTINUE with label 860 at (1) Warning: Fortran 2018 deleted feature: Shared DO termination label 50 at (1) Warning: Fortran 2018 deleted feature: Shared DO termination label 260 at (1) Warning: Fortran 2018 deleted feature: DO termination statement which is not END DO or CONTINUE with label 170 at (1) Warning: Fortran 2018 deleted feature: DO termination statement which is not END DO or CONTINUE with label 80 at (1) Warning: Fortran 2018 deleted feature: DO termination statement which is not END DO or CONTINUE with label 330 at (1) Warning: Fortran 2018 deleted feature: DO termination statement which is not END DO or CONTINUE with label 340 at (1) Warning: Fortran 2018 deleted feature: Shared DO termination label 360 at (1) Warning: Fortran 2018 deleted feature: DO termination statement which is not END DO or CONTINUE with label 400 at (1) See ‘/home/hornik/tmp/R.check/r-devel-gcc/Work/PKGS/repeated.Rcheck/00install.out’ for details. * used C compiler: ‘gcc-13 (Debian 13.2.0-25) 13.2.0’ * used Fortran compiler: ‘GNU Fortran (Debian 13.2.0-25) 13.2.0’ Flavor: r-devel-linux-x86_64-debian-gcc

Version: 1.1.7
Check: whether package can be installed
Result: WARN Found the following significant warnings: ./binnest.f:1913:15: portability: deprecated usage ./binnest.f:1913:32: portability: deprecated usage ./binnest.f:1913:59: portability: deprecated usage ./binnest.f:1914:14: portability: deprecated usage ./binnest.f:1916:16: portability: deprecated usage ./binnest.f:1916:27: portability: deprecated usage ./eigen.f:119:7: portability: A DO loop should terminate with an END DO or CONTINUE ./eigen.f:153:10: portability: A DO loop should terminate with an END DO or CONTINUE ./eigen.f:156:10: portability: A DO loop should terminate with an END DO or CONTINUE ./eigen.f:219:10: portability: A DO loop should terminate with an END DO or CONTINUE ./eigen.f:454:7: portability: A DO loop should terminate with an END DO or CONTINUE ./eigen.f:1224:10: portability: A DO loop should terminate with an END DO or CONTINUE ./eigen.f:1400:13: portability: A DO loop should terminate with an END DO or CONTINUE ./eigen.f:1403:13: portability: A DO loop should terminate with an END DO or CONTINUE ./eigen.f:1461:10: portability: A DO loop should terminate with an END DO or CONTINUE ./eigen.f:1474:10: portability: A DO loop should terminate with an END DO or CONTINUE ./eigen.f:1598:10: portability: A DO loop should terminate with an END DO or CONTINUE ./eigen.f:1637:7: portability: A DO loop should terminate with an END DO or CONTINUE ./eigen.f:1856:10: portability: A DO loop should terminate with an END DO or CONTINUE ./eigen.f:1895:7: portability: A DO loop should terminate with an END DO or CONTINUE ./eigen.f:2085:13: portability: A DO loop should terminate with an END DO or CONTINUE ./eigen.f:2203:10: portability: A DO loop should terminate with an END DO or CONTINUE ./eigen.f:2217:13: portability: A DO loop should terminate with an END DO or CONTINUE ./eigen.f:2376:7: portability: A DO loop should terminate with an END DO or CONTINUE ./eigen.f:2386:10: portability: A DO loop should terminate with an END DO or CONTINUE ./eigen.f:2548:7: portability: A DO loop should terminate with an END DO or CONTINUE ./eigen.f:2582:10: portability: A DO loop should terminate with an END DO or CONTINUE ./eigen.f:2704:7: portability: A DO loop should terminate with an END DO or CONTINUE ./eigen.f:2738:10: portability: A DO loop should terminate with an END DO or CONTINUE ./eigen.f:2861:7: portability: A DO loop should terminate with an END DO or CONTINUE ./eigen.f:2894:10: portability: A DO loop should terminate with an END DO or CONTINUE ./eigen.f:3002:10: portability: A DO loop should terminate with an END DO or CONTINUE ./eigen.f:3030:10: portability: A DO loop should terminate with an END DO or CONTINUE ./eigen.f:3056:10: portability: A DO loop should terminate with an END DO or CONTINUE ./eigen.f:3063:13: portability: A DO loop should terminate with an END DO or CONTINUE ./eigen.f:3125:10: portability: A DO loop should terminate with an END DO or CONTINUE ./eigen.f:3140:10: portability: A DO loop should terminate with an END DO or CONTINUE ./eigen.f:3165:10: portability: A DO loop should terminate with an END DO or CONTINUE ./eigen.f:3192:10: portability: A DO loop should terminate with an END DO or CONTINUE ./eigen.f:3199:13: portability: A DO loop should terminate with an END DO or CONTINUE ./eigen.f:3216:10: portability: A DO loop should terminate with an END DO or CONTINUE ./eigen.f:3222:13: portability: A DO loop should terminate with an END DO or CONTINUE ./eigen.f:3229:3: portability: A DO loop should terminate with an END DO or CONTINUE ./logitord.f:1730:17: portability: deprecated usage ./logitord.f:1730:34: portability: deprecated usage ./logitord.f:1730:61: portability: deprecated usage ./logitord.f:1731:22: portability: deprecated usage ./logitord.f:1733:18: portability: deprecated usage ./logitord.f:1733:29: portability: deprecated usage See ‘/data/gannet/ripley/R/packages/tests-clang/repeated.Rcheck/00install.out’ for details. * used C compiler: ‘clang version 18.1.5’ * used Fortran compiler: ‘flang-new version 18.1.5’ Flavor: r-devel-linux-x86_64-fedora-clang

Version: 1.1.7
Check: whether package can be installed
Result: WARN Found the following significant warnings: Warning: Fortran 2018 deleted feature: DO termination statement which is not END DO or CONTINUE with label 180 at (1) Warning: Fortran 2018 deleted feature: DO termination statement which is not END DO or CONTINUE with label 250 at (1) Warning: Fortran 2018 deleted feature: DO termination statement which is not END DO or CONTINUE with label 260 at (1) Warning: Fortran 2018 deleted feature: DO termination statement which is not END DO or CONTINUE with label 100 at (1) Warning: Fortran 2018 deleted feature: Shared DO termination label 720 at (1) Warning: Fortran 2018 deleted feature: Shared DO termination label 880 at (1) Warning: Fortran 2018 deleted feature: DO termination statement which is not END DO or CONTINUE with label 90 at (1) Warning: Fortran 2018 deleted feature: DO termination statement which is not END DO or CONTINUE with label 140 at (1) Warning: Fortran 2018 deleted feature: DO termination statement which is not END DO or CONTINUE with label 150 at (1) Warning: Fortran 2018 deleted feature: DO termination statement which is not END DO or CONTINUE with label 60 at (1) Warning: Fortran 2018 deleted feature: DO termination statement which is not END DO or CONTINUE with label 40 at (1) Warning: Fortran 2018 deleted feature: DO termination statement which is not END DO or CONTINUE with label 120 at (1) Warning: Fortran 2018 deleted feature: DO termination statement which is not END DO or CONTINUE with label 610 at (1) Warning: Fortran 2018 deleted feature: DO termination statement which is not END DO or CONTINUE with label 820 at (1) Warning: Fortran 2018 deleted feature: DO termination statement which is not END DO or CONTINUE with label 860 at (1) Warning: Fortran 2018 deleted feature: Shared DO termination label 50 at (1) Warning: Fortran 2018 deleted feature: Shared DO termination label 260 at (1) Warning: Fortran 2018 deleted feature: DO termination statement which is not END DO or CONTINUE with label 170 at (1) Warning: Fortran 2018 deleted feature: DO termination statement which is not END DO or CONTINUE with label 80 at (1) Warning: Fortran 2018 deleted feature: DO termination statement which is not END DO or CONTINUE with label 330 at (1) Warning: Fortran 2018 deleted feature: DO termination statement which is not END DO or CONTINUE with label 340 at (1) Warning: Fortran 2018 deleted feature: Shared DO termination label 360 at (1) Warning: Fortran 2018 deleted feature: DO termination statement which is not END DO or CONTINUE with label 400 at (1) See ‘/data/gannet/ripley/R/packages/tests-devel/repeated.Rcheck/00install.out’ for details. * used C compiler: ‘gcc-14 (GCC) 14.1.0’ * used Fortran compiler: ‘GNU Fortran (GCC) 14.1.0’ Flavor: r-devel-linux-x86_64-fedora-gcc

Version: 1.1.7
Check: whether package can be installed
Result: WARN Found the following significant warnings: Warning: Fortran 2018 deleted feature: DO termination statement which is not END DO or CONTINUE with label 180 at (1) Warning: Fortran 2018 deleted feature: DO termination statement which is not END DO or CONTINUE with label 250 at (1) Warning: Fortran 2018 deleted feature: DO termination statement which is not END DO or CONTINUE with label 260 at (1) Warning: Fortran 2018 deleted feature: DO termination statement which is not END DO or CONTINUE with label 100 at (1) Warning: Fortran 2018 deleted feature: Shared DO termination label 720 at (1) Warning: Fortran 2018 deleted feature: Shared DO termination label 880 at (1) Warning: Fortran 2018 deleted feature: DO termination statement which is not END DO or CONTINUE with label 90 at (1) Warning: Fortran 2018 deleted feature: DO termination statement which is not END DO or CONTINUE with label 140 at (1) Warning: Fortran 2018 deleted feature: DO termination statement which is not END DO or CONTINUE with label 150 at (1) Warning: Fortran 2018 deleted feature: DO termination statement which is not END DO or CONTINUE with label 60 at (1) Warning: Fortran 2018 deleted feature: DO termination statement which is not END DO or CONTINUE with label 40 at (1) Warning: Fortran 2018 deleted feature: DO termination statement which is not END DO or CONTINUE with label 120 at (1) Warning: Fortran 2018 deleted feature: DO termination statement which is not END DO or CONTINUE with label 610 at (1) Warning: Fortran 2018 deleted feature: DO termination statement which is not END DO or CONTINUE with label 820 at (1) Warning: Fortran 2018 deleted feature: DO termination statement which is not END DO or CONTINUE with label 860 at (1) Warning: Fortran 2018 deleted feature: Shared DO termination label 50 at (1) Warning: Fortran 2018 deleted feature: Shared DO termination label 260 at (1) Warning: Fortran 2018 deleted feature: DO termination statement which is not END DO or CONTINUE with label 170 at (1) Warning: Fortran 2018 deleted feature: DO termination statement which is not END DO or CONTINUE with label 80 at (1) Warning: Fortran 2018 deleted feature: DO termination statement which is not END DO or CONTINUE with label 330 at (1) Warning: Fortran 2018 deleted feature: DO termination statement which is not END DO or CONTINUE with label 340 at (1) Warning: Fortran 2018 deleted feature: Shared DO termination label 360 at (1) Warning: Fortran 2018 deleted feature: DO termination statement which is not END DO or CONTINUE with label 400 at (1) See 'd:/Rcompile/CRANpkg/local/4.5/repeated.Rcheck/00install.out' for details. * used C compiler: 'gcc.exe (GCC) 13.2.0' * used Fortran compiler: 'GNU Fortran (GCC) 13.2.0' Flavor: r-devel-windows-x86_64

Version: 1.1.7
Check: whether package can be installed
Result: WARN Found the following significant warnings: Warning: Fortran 2018 deleted feature: DO termination statement which is not END DO or CONTINUE with label 180 at (1) Warning: Fortran 2018 deleted feature: DO termination statement which is not END DO or CONTINUE with label 250 at (1) Warning: Fortran 2018 deleted feature: DO termination statement which is not END DO or CONTINUE with label 260 at (1) Warning: Fortran 2018 deleted feature: DO termination statement which is not END DO or CONTINUE with label 100 at (1) Warning: Fortran 2018 deleted feature: Shared DO termination label 720 at (1) Warning: Fortran 2018 deleted feature: Shared DO termination label 880 at (1) Warning: Fortran 2018 deleted feature: DO termination statement which is not END DO or CONTINUE with label 90 at (1) Warning: Fortran 2018 deleted feature: DO termination statement which is not END DO or CONTINUE with label 140 at (1) Warning: Fortran 2018 deleted feature: DO termination statement which is not END DO or CONTINUE with label 150 at (1) Warning: Fortran 2018 deleted feature: DO termination statement which is not END DO or CONTINUE with label 60 at (1) Warning: Fortran 2018 deleted feature: DO termination statement which is not END DO or CONTINUE with label 40 at (1) Warning: Fortran 2018 deleted feature: DO termination statement which is not END DO or CONTINUE with label 120 at (1) Warning: Fortran 2018 deleted feature: DO termination statement which is not END DO or CONTINUE with label 610 at (1) Warning: Fortran 2018 deleted feature: DO termination statement which is not END DO or CONTINUE with label 820 at (1) Warning: Fortran 2018 deleted feature: DO termination statement which is not END DO or CONTINUE with label 860 at (1) Warning: Fortran 2018 deleted feature: Shared DO termination label 50 at (1) Warning: Fortran 2018 deleted feature: Shared DO termination label 260 at (1) Warning: Fortran 2018 deleted feature: DO termination statement which is not END DO or CONTINUE with label 170 at (1) Warning: Fortran 2018 deleted feature: DO termination statement which is not END DO or CONTINUE with label 80 at (1) Warning: Fortran 2018 deleted feature: DO termination statement which is not END DO or CONTINUE with label 330 at (1) Warning: Fortran 2018 deleted feature: DO termination statement which is not END DO or CONTINUE with label 340 at (1) Warning: Fortran 2018 deleted feature: Shared DO termination label 360 at (1) Warning: Fortran 2018 deleted feature: DO termination statement which is not END DO or CONTINUE with label 400 at (1) See ‘/home/hornik/tmp/R.check/r-patched-gcc/Work/PKGS/repeated.Rcheck/00install.out’ for details. * used C compiler: ‘gcc-13 (Debian 13.2.0-25) 13.2.0’ * used Fortran compiler: ‘GNU Fortran (Debian 13.2.0-25) 13.2.0’ Flavor: r-patched-linux-x86_64