CRAN Package Check Results for Package relations

Last updated on 2021-10-27 20:49:44 CEST.

Flavor Version Tinstall Tcheck Ttotal Status Flags
r-devel-linux-x86_64-debian-clang 0.6-10 12.50 81.66 94.16 OK
r-devel-linux-x86_64-debian-gcc 0.6-10 9.17 60.89 70.06 OK
r-devel-linux-x86_64-fedora-clang 0.6-10 124.47 NOTE
r-devel-linux-x86_64-fedora-gcc 0.6-10 112.66 NOTE
r-devel-windows-x86_64 0.6-10 16.00 84.00 100.00 NOTE
r-devel-windows-x86_64-gcc10-UCRT 0.6-10 NOTE
r-patched-linux-x86_64 0.6-10 11.93 79.67 91.60 OK
r-patched-solaris-x86 0.6-10 150.60 NOTE
r-release-linux-x86_64 0.6-10 10.76 79.28 90.04 OK
r-release-macos-arm64 0.6-10 NOTE
r-release-macos-x86_64 0.6-10 NOTE
r-release-windows-ix86+x86_64 0.6-10 13.00 91.00 104.00 NOTE
r-oldrel-macos-x86_64 0.6-10 NOTE
r-oldrel-windows-ix86+x86_64 0.6-10 12.00 85.00 97.00 NOTE

Check Details

Version: 0.6-10
Check: package dependencies
Result: NOTE
    Package which this enhances but not available for checking: ‘Rcplex’
Flavors: r-devel-linux-x86_64-fedora-clang, r-devel-linux-x86_64-fedora-gcc, r-devel-windows-x86_64, r-devel-windows-x86_64-gcc10-UCRT, r-release-macos-arm64, r-release-macos-x86_64, r-release-windows-ix86+x86_64, r-oldrel-macos-x86_64, r-oldrel-windows-ix86+x86_64

Version: 0.6-10
Check: Rd cross-references
Result: NOTE
    Undeclared package ‘graph’ in Rd xrefs
Flavor: r-devel-linux-x86_64-fedora-clang

Version: 0.6-10
Check: package dependencies
Result: NOTE
    Package suggested but not available for checking: ‘Rsymphony’
    
    Package which this enhances but not available for checking: ‘Rcplex’
Flavor: r-patched-solaris-x86