CRAN Package Check Results for Package regnet

Last updated on 2023-09-27 21:01:33 CEST.

Flavor Version Tinstall Tcheck Ttotal Status Flags
r-devel-linux-x86_64-debian-clang 1.0.0 181.18 61.98 243.16 NOTE
r-devel-linux-x86_64-debian-gcc 1.0.0 117.94 46.12 164.06 NOTE
r-devel-linux-x86_64-fedora-clang 1.0.0 401.36 NOTE
r-devel-linux-x86_64-fedora-gcc 1.0.0 345.07 NOTE
r-devel-windows-x86_64 1.0.0 131.00 94.00 225.00 NOTE
r-patched-linux-x86_64 1.0.0 159.37 58.55 217.92 NOTE
r-release-linux-x86_64 1.0.0 174.98 58.26 233.24 NOTE
r-release-macos-arm64 1.0.0 99.00 NOTE
r-release-macos-x86_64 1.0.0 162.00 NOTE
r-release-windows-x86_64 1.0.0 168.00 104.00 272.00 NOTE
r-oldrel-macos-arm64 1.0.0 70.00 NOTE
r-oldrel-macos-x86_64 1.0.0 93.00 NOTE
r-oldrel-windows-x86_64 1.0.0 158.00 102.00 260.00 OK

Check Details

Version: 1.0.0
Check: C++ specification
Result: NOTE
     Specified C++11: please drop specification unless essential
Flavors: r-devel-linux-x86_64-debian-clang, r-devel-linux-x86_64-debian-gcc, r-devel-linux-x86_64-fedora-clang, r-devel-linux-x86_64-fedora-gcc, r-devel-windows-x86_64, r-patched-linux-x86_64, r-release-linux-x86_64, r-release-macos-arm64, r-release-macos-x86_64, r-release-windows-x86_64

Version: 1.0.0
Check: installed package size
Result: NOTE
     installed size is 7.5Mb
     sub-directories of 1Mb or more:
     data 2.4Mb
     libs 5.0Mb
Flavors: r-release-macos-arm64, r-release-macos-x86_64, r-oldrel-macos-arm64, r-oldrel-macos-x86_64