CRAN Package Check Results for Package regnet

Last updated on 2022-10-06 21:50:04 CEST.

Flavor Version Tinstall Tcheck Ttotal Status Flags
r-devel-linux-x86_64-debian-clang 1.0.0 160.61 64.99 225.60 OK
r-devel-linux-x86_64-debian-gcc 1.0.0 126.60 49.35 175.95 OK
r-devel-linux-x86_64-fedora-clang 1.0.0 359.57 OK
r-devel-linux-x86_64-fedora-gcc 1.0.0 299.07 OK
r-devel-windows-x86_64 1.0.0 120.00 124.00 244.00 OK
r-patched-linux-x86_64 1.0.0 138.03 62.27 200.30 OK
r-release-linux-x86_64 1.0.0 138.60 60.15 198.75 OK
r-release-macos-arm64 1.0.0 70.00 NOTE
r-release-macos-x86_64 1.0.0 93.00 NOTE
r-release-windows-x86_64 1.0.0 119.00 110.00 229.00 OK
r-oldrel-macos-arm64 1.0.0 70.00 NOTE
r-oldrel-macos-x86_64 1.0.0 92.00 NOTE
r-oldrel-windows-ix86+x86_64 1.0.0 416.00 139.00 555.00 NOTE

Check Details

Version: 1.0.0
Check: installed package size
Result: NOTE
     installed size is 7.6Mb
     sub-directories of 1Mb or more:
     data 2.4Mb
     libs 5.1Mb
Flavors: r-release-macos-arm64, r-release-macos-x86_64, r-oldrel-macos-arm64, r-oldrel-macos-x86_64, r-oldrel-windows-ix86+x86_64