CRAN Package Check Results for Package regions

Last updated on 2021-11-26 19:53:02 CET.

Flavor Version Tinstall Tcheck Ttotal Status Flags
r-devel-linux-x86_64-debian-clang 0.1.8 9.53 85.05 94.58 OK
r-devel-linux-x86_64-debian-gcc 0.1.8 8.12 66.68 74.80 OK
r-devel-linux-x86_64-fedora-clang 0.1.8 125.21 NOTE
r-devel-linux-x86_64-fedora-gcc 0.1.8 114.69 NOTE
r-devel-windows-x86_64-new-UL 0.1.8 25.00 168.00 193.00 OK
r-devel-windows-x86_64-new-TK 0.1.8 NOTE
r-devel-windows-x86_64-old 0.1.8 15.00 126.00 141.00 OK
r-patched-linux-x86_64 0.1.8 6.96 88.24 95.20 OK
r-patched-solaris-x86 0.1.8 142.90 NOTE
r-release-linux-x86_64 0.1.8 OK
r-release-macos-arm64 0.1.8 NOTE
r-release-macos-x86_64 0.1.8 NOTE
r-release-windows-ix86+x86_64 0.1.8 22.00 91.00 113.00 OK
r-oldrel-macos-x86_64 0.1.8 NOTE
r-oldrel-windows-ix86+x86_64 0.1.8 22.00 119.00 141.00 OK

Check Details

Version: 0.1.8
Check: data for non-ASCII characters
Result: NOTE
     Note: found 2 marked Latin-1 strings
     Note: found 50022 marked UTF-8 strings
Flavors: r-devel-linux-x86_64-fedora-clang, r-devel-linux-x86_64-fedora-gcc, r-devel-windows-x86_64-new-TK, r-patched-solaris-x86, r-release-macos-arm64, r-release-macos-x86_64, r-oldrel-macos-x86_64