CRAN Package Check Results for Package regexSelect

Last updated on 2021-06-21 01:49:32 CEST.

Flavor Version Tinstall Tcheck Ttotal Status Flags
r-devel-linux-x86_64-debian-clang 1.0.0 2.53 32.37 34.90 NOTE
r-devel-linux-x86_64-debian-gcc 1.0.0 2.31 25.81 28.12 NOTE
r-devel-linux-x86_64-fedora-clang 1.0.0 51.73 NOTE
r-devel-linux-x86_64-fedora-gcc 1.0.0 41.85 NOTE
r-devel-windows-x86_64 1.0.0 5.00 46.00 51.00 NOTE
r-devel-windows-x86_64-gcc10-UCRT 1.0.0 NOTE
r-patched-linux-x86_64 1.0.0 3.13 31.94 35.07 NOTE
r-patched-solaris-x86 1.0.0 67.80 NOTE
r-release-linux-x86_64 1.0.0 2.34 31.80 34.14 NOTE
r-release-macos-arm64 1.0.0 NOTE
r-release-macos-x86_64 1.0.0 NOTE
r-release-windows-ix86+x86_64 1.0.0 8.00 54.00 62.00 NOTE
r-oldrel-macos-x86_64 1.0.0 OK
r-oldrel-windows-ix86+x86_64 1.0.0 6.00 0.00 6.00 OK

Check Details

Version: 1.0.0
Check: LazyData
Result: NOTE
     'LazyData' is specified without a 'data' directory
Flavors: r-devel-linux-x86_64-debian-clang, r-devel-linux-x86_64-debian-gcc, r-devel-linux-x86_64-fedora-clang, r-devel-linux-x86_64-fedora-gcc, r-devel-windows-x86_64, r-devel-windows-x86_64-gcc10-UCRT, r-patched-linux-x86_64, r-patched-solaris-x86, r-release-linux-x86_64, r-release-macos-arm64, r-release-macos-x86_64, r-release-windows-ix86+x86_64