CRAN Package Check Results for Package redoc

Last updated on 2021-08-01 07:52:02 CEST.

Flavor Version Tinstall Tcheck Ttotal Status Flags
r-devel-linux-x86_64-debian-clang 2.0.0.49 1.70 20.68 22.38 NOTE
r-devel-linux-x86_64-debian-gcc 2.0.0.49 1.52 16.36 17.88 NOTE
r-devel-linux-x86_64-fedora-clang 2.0.0.49 36.50 NOTE
r-devel-linux-x86_64-fedora-gcc 2.0.0.49 25.87 NOTE
r-devel-windows-x86_64 2.0.0.49 3.00 39.00 42.00 NOTE
r-devel-windows-x86_64-gcc10-UCRT 2.0.0.49 NOTE
r-patched-linux-x86_64 2.0.0.49 NOTE
r-patched-solaris-x86 2.0.0.49 43.20 NOTE
r-release-linux-x86_64 2.0.0.49 1.95 19.88 21.83 NOTE
r-release-macos-arm64 2.0.0.49 NOTE
r-release-macos-x86_64 2.0.0.49 NOTE
r-release-windows-ix86+x86_64 2.0.0.49 5.00 35.00 40.00 NOTE
r-oldrel-macos-x86_64 2.0.0.49 OK
r-oldrel-windows-ix86+x86_64 2.0.0.49 4.00 36.00 40.00 OK

Check Details

Version: 2.0.0.49
Check: LazyData
Result: NOTE
     'LazyData' is specified without a 'data' directory
Flavors: r-devel-linux-x86_64-debian-clang, r-devel-linux-x86_64-debian-gcc, r-devel-linux-x86_64-fedora-clang, r-devel-linux-x86_64-fedora-gcc, r-devel-windows-x86_64, r-devel-windows-x86_64-gcc10-UCRT, r-patched-linux-x86_64, r-patched-solaris-x86, r-release-linux-x86_64, r-release-macos-arm64, r-release-macos-x86_64, r-release-windows-ix86+x86_64