CRAN Package Check Results for Package redlistr

Last updated on 2021-06-24 01:50:33 CEST.

Flavor Version Tinstall Tcheck Ttotal Status Flags
r-devel-linux-x86_64-debian-clang 1.0.3 8.82 306.63 315.45 NOTE
r-devel-linux-x86_64-debian-gcc 1.0.3 6.62 236.03 242.65 NOTE
r-devel-linux-x86_64-fedora-clang 1.0.3 233.28 NOTE
r-devel-linux-x86_64-fedora-gcc 1.0.3 362.60 NOTE
r-devel-windows-x86_64 1.0.3 13.00 343.00 356.00 NOTE
r-devel-windows-x86_64-gcc10-UCRT 1.0.3 NOTE
r-patched-linux-x86_64 1.0.3 9.85 287.92 297.77 NOTE
r-patched-solaris-x86 1.0.3 689.60 NOTE
r-release-linux-x86_64 1.0.3 8.11 166.46 174.57 NOTE
r-release-macos-arm64 1.0.3 WARN
r-release-macos-x86_64 1.0.3 NOTE
r-release-windows-ix86+x86_64 1.0.3 19.00 284.00 303.00 NOTE
r-oldrel-macos-x86_64 1.0.3 OK

Check Details

Version: 1.0.3
Check: LazyData
Result: NOTE
     'LazyData' is specified without a 'data' directory
Flavors: r-devel-linux-x86_64-debian-clang, r-devel-linux-x86_64-debian-gcc, r-devel-linux-x86_64-fedora-clang, r-devel-linux-x86_64-fedora-gcc, r-devel-windows-x86_64, r-devel-windows-x86_64-gcc10-UCRT, r-patched-linux-x86_64, r-patched-solaris-x86, r-release-linux-x86_64, r-release-macos-arm64, r-release-macos-x86_64, r-release-windows-ix86+x86_64

Version: 1.0.3
Check: package dependencies
Result: NOTE
    Package suggested but not available for checking: 'devtools'
Flavor: r-devel-windows-x86_64-gcc10-UCRT

Version: 1.0.3
Check: package dependencies
Result: NOTE
    Package suggested but not available for checking: ‘rgdal’
Flavor: r-release-macos-arm64

Version: 1.0.3
Check: re-building of vignette outputs
Result: WARN
    Error(s) in re-building vignettes:
     ...
    --- re-building ‘iteration-vignette.Rmd’ using rmarkdown
    Warning in engine$weave(file, quiet = quiet, encoding = enc) :
     Pandoc (>= 1.12.3) not available. Falling back to R Markdown v1.
    --- finished re-building ‘iteration-vignette.Rmd’
    
    --- re-building ‘redlistr-vignette.Rmd’ using rmarkdown
    Warning in engine$weave(file, quiet = quiet, encoding = enc) :
     Pandoc (>= 1.12.3) not available. Falling back to R Markdown v1.
    Loading required package: sp
    rgeos version: 0.5-5, (SVN revision 640)
     GEOS runtime version: 3.9.1-CAPI-1.14.2
     Linking to sp version: 1.4-5
     Polygon checking: TRUE
    
    Quitting from lines 22-25 (redlistr-vignette.Rmd)
    Error: processing vignette 'redlistr-vignette.Rmd' failed with diagnostics:
    there is no package called 'rgdal'
    --- failed re-building ‘redlistr-vignette.Rmd’
    
    SUMMARY: processing the following file failed:
     ‘redlistr-vignette.Rmd’
    
    Error: Vignette re-building failed.
    Execution halted
Flavor: r-release-macos-arm64