CRAN Package Check Results for Package redcapAPI

Last updated on 2022-09-29 00:52:58 CEST.

Flavor Version Tinstall Tcheck Ttotal Status Flags
r-devel-linux-x86_64-debian-clang 2.3 3.93 38.86 42.79 OK
r-devel-linux-x86_64-debian-gcc 2.3 4.17 30.26 34.43 OK
r-devel-linux-x86_64-fedora-clang 2.3 68.38 NOTE
r-devel-linux-x86_64-fedora-gcc 2.3 63.67 NOTE
r-devel-windows-x86_64 2.3 9.00 76.00 85.00 OK
r-patched-linux-x86_64 2.3 6.80 36.61 43.41 OK
r-release-linux-x86_64 2.3 5.63 36.59 42.22 OK
r-release-macos-arm64 2.3 22.00 NOTE
r-release-macos-x86_64 2.3 36.00 NOTE
r-release-windows-x86_64 2.3 42.00 61.00 103.00 OK
r-oldrel-macos-arm64 2.3 20.00 NOTE
r-oldrel-macos-x86_64 2.3 27.00 NOTE
r-oldrel-windows-ix86+x86_64 2.3 11.00 59.00 70.00 OK

Check Details

Version: 2.3
Check: dependencies in R code
Result: NOTE
    Namespaces in Imports field not imported from:
     ‘DBI’ ‘readr’
     All declared Imports should be used.
Flavors: r-devel-linux-x86_64-fedora-clang, r-devel-linux-x86_64-fedora-gcc, r-release-macos-arm64, r-release-macos-x86_64, r-oldrel-macos-arm64, r-oldrel-macos-x86_64