CRAN Package Check Results for Package recmap

Last updated on 2022-10-02 21:53:51 CEST.

Flavor Version Tinstall Tcheck Ttotal Status Flags
r-devel-linux-x86_64-debian-clang 1.0.11 25.42 168.63 194.05 OK
r-devel-linux-x86_64-debian-gcc 1.0.11 19.71 125.41 145.12 OK
r-devel-linux-x86_64-fedora-clang 1.0.11 275.89 NOTE
r-devel-linux-x86_64-fedora-gcc 1.0.11 250.49 NOTE
r-devel-windows-x86_64 1.0.11 36.00 199.00 235.00 OK
r-patched-linux-x86_64 1.0.11 24.12 156.31 180.43 OK
r-release-linux-x86_64 1.0.11 21.45 157.88 179.33 OK
r-release-macos-arm64 1.0.11 41.00 NOTE
r-release-macos-x86_64 1.0.11 65.00 NOTE
r-release-windows-x86_64 1.0.11 50.00 204.00 254.00 OK
r-oldrel-macos-arm64 1.0.11 36.00 NOTE
r-oldrel-macos-x86_64 1.0.11 62.00 NOTE
r-oldrel-windows-ix86+x86_64 1.0.11 62.00 285.00 347.00 OK

Check Details

Version: 1.0.11
Check: data for non-ASCII characters
Result: NOTE
     Note: found 1036 marked UTF-8 strings
Flavors: r-devel-linux-x86_64-fedora-clang, r-devel-linux-x86_64-fedora-gcc, r-release-macos-arm64, r-release-macos-x86_64, r-oldrel-macos-arm64, r-oldrel-macos-x86_64