CRAN Package Check Results for Package rechonest

Last updated on 2021-08-02 22:54:45 CEST.

Flavor Version Tinstall Tcheck Ttotal Status Flags
r-devel-linux-x86_64-debian-clang 1.2 3.18 33.95 37.13 NOTE
r-devel-linux-x86_64-debian-gcc 1.2 2.92 26.51 29.43 NOTE
r-devel-linux-x86_64-fedora-clang 1.2 54.87 NOTE
r-devel-linux-x86_64-fedora-gcc 1.2 44.19 NOTE
r-devel-windows-x86_64 1.2 6.00 57.00 63.00 NOTE
r-devel-windows-x86_64-gcc10-UCRT 1.2 NOTE
r-patched-linux-x86_64 1.2 NOTE
r-patched-solaris-x86 1.2 65.00 NOTE
r-release-linux-x86_64 1.2 3.34 33.16 36.50 NOTE
r-release-macos-arm64 1.2 NOTE
r-release-macos-x86_64 1.2 NOTE
r-release-windows-ix86+x86_64 1.2 8.00 40.00 48.00 NOTE
r-oldrel-macos-x86_64 1.2 OK
r-oldrel-windows-ix86+x86_64 1.2 7.00 52.00 59.00 OK

Check Details

Version: 1.2
Check: LazyData
Result: NOTE
     'LazyData' is specified without a 'data' directory
Flavors: r-devel-linux-x86_64-debian-clang, r-devel-linux-x86_64-debian-gcc, r-devel-linux-x86_64-fedora-clang, r-devel-linux-x86_64-fedora-gcc, r-devel-windows-x86_64, r-devel-windows-x86_64-gcc10-UCRT, r-patched-linux-x86_64, r-patched-solaris-x86, r-release-linux-x86_64, r-release-macos-arm64, r-release-macos-x86_64, r-release-windows-ix86+x86_64