CRAN Package Check Results for Package reader

Last updated on 2022-05-25 12:57:19 CEST.

Flavor Version Tinstall Tcheck Ttotal Status Flags
r-devel-linux-x86_64-debian-clang 1.0.6 2.93 39.71 42.64 NOTE
r-devel-linux-x86_64-debian-gcc 1.0.6 2.76 30.38 33.14 NOTE
r-devel-linux-x86_64-fedora-clang 1.0.6 51.89 NOTE
r-devel-linux-x86_64-fedora-gcc 1.0.6 40.24 NOTE
r-devel-windows-x86_64 1.0.6 16.00 58.00 74.00 OK
r-patched-linux-x86_64 1.0.6 3.52 38.42 41.94 NOTE
r-release-linux-x86_64 1.0.6 NOTE
r-release-macos-arm64 1.0.6 19.00 OK
r-release-macos-x86_64 1.0.6 24.00 OK
r-release-windows-x86_64 1.0.6 12.00 56.00 68.00 OK
r-oldrel-macos-arm64 1.0.6 23.00 OK
r-oldrel-macos-x86_64 1.0.6 31.00 OK
r-oldrel-windows-ix86+x86_64 1.0.6 8.00 49.00 57.00 OK

Check Details

Version: 1.0.6
Check: for non-standard things in the check directory
Result: NOTE
    Found the following files/directories:
     'temp.txt' 'temp2.csv' 'temp3.rda'
Flavors: r-devel-linux-x86_64-debian-clang, r-devel-linux-x86_64-debian-gcc, r-devel-linux-x86_64-fedora-clang, r-devel-linux-x86_64-fedora-gcc, r-patched-linux-x86_64, r-release-linux-x86_64