CRAN Package Check Results for Package readbulk

Last updated on 2021-08-04 13:53:14 CEST.

Flavor Version Tinstall Tcheck Ttotal Status Flags
r-devel-linux-x86_64-debian-clang 1.1.3 2.00 21.22 23.22 NOTE
r-devel-linux-x86_64-debian-gcc 1.1.3 1.54 16.83 18.37 NOTE
r-devel-linux-x86_64-fedora-clang 1.1.3 37.52 NOTE
r-devel-linux-x86_64-fedora-gcc 1.1.3 26.69 NOTE
r-devel-windows-x86_64 1.1.3 3.00 38.00 41.00 NOTE
r-devel-windows-x86_64-gcc10-UCRT 1.1.3 NOTE
r-patched-linux-x86_64 1.1.3 1.98 20.53 22.51 NOTE
r-patched-solaris-x86 1.1.3 43.20 NOTE
r-release-linux-x86_64 1.1.3 1.97 20.45 22.42 NOTE
r-release-macos-arm64 1.1.3 NOTE
r-release-macos-x86_64 1.1.3 NOTE
r-release-windows-ix86+x86_64 1.1.3 5.00 27.00 32.00 NOTE
r-oldrel-macos-x86_64 1.1.3 OK
r-oldrel-windows-ix86+x86_64 1.1.3 4.00 36.00 40.00 OK

Check Details

Version: 1.1.3
Check: LazyData
Result: NOTE
     'LazyData' is specified without a 'data' directory
Flavors: r-devel-linux-x86_64-debian-clang, r-devel-linux-x86_64-debian-gcc, r-devel-linux-x86_64-fedora-clang, r-devel-linux-x86_64-fedora-gcc, r-devel-windows-x86_64, r-devel-windows-x86_64-gcc10-UCRT, r-patched-linux-x86_64, r-patched-solaris-x86, r-release-linux-x86_64, r-release-macos-arm64, r-release-macos-x86_64, r-release-windows-ix86+x86_64