Last updated on 2022-06-25 07:03:22 CEST.
Flavor | Version | Tinstall | Tcheck | Ttotal | Status | Flags |
---|---|---|---|---|---|---|
r-devel-linux-x86_64-debian-clang | 1.0.2 | 29.81 | 80.33 | 110.14 | NOTE | |
r-devel-linux-x86_64-debian-gcc | 1.0.2 | 24.85 | 58.10 | 82.95 | NOTE | |
r-devel-linux-x86_64-fedora-clang | 1.0.2 | 154.17 | NOTE | |||
r-devel-linux-x86_64-fedora-gcc | 1.0.2 | 144.09 | NOTE | |||
r-devel-windows-x86_64 | 1.0.2 | 42.00 | 143.00 | 185.00 | NOTE | |
r-patched-linux-x86_64 | 1.0.2 | 23.40 | 76.63 | 100.03 | NOTE | |
r-release-linux-x86_64 | 1.0.2 | 24.42 | 78.51 | 102.93 | NOTE | |
r-release-macos-arm64 | 1.0.2 | 187.00 | NOTE | |||
r-release-macos-x86_64 | 1.0.2 | 142.00 | NOTE | |||
r-release-windows-x86_64 | 1.0.2 | 51.00 | 139.00 | 190.00 | NOTE | |
r-oldrel-macos-arm64 | 1.0.2 | 126.00 | NOTE | |||
r-oldrel-macos-x86_64 | 1.0.2 | 136.00 | NOTE | |||
r-oldrel-windows-ix86+x86_64 | 1.0.2 | 74.00 | 247.00 | 321.00 | NOTE |
Version: 1.0.2
Check: LazyData
Result: NOTE
'LazyData' is specified without a 'data' directory
Flavors: r-devel-linux-x86_64-debian-clang, r-devel-linux-x86_64-debian-gcc, r-devel-linux-x86_64-fedora-clang, r-devel-linux-x86_64-fedora-gcc, r-devel-windows-x86_64, r-patched-linux-x86_64, r-release-linux-x86_64, r-release-macos-arm64, r-release-macos-x86_64, r-release-windows-x86_64, r-oldrel-macos-arm64, r-oldrel-macos-x86_64, r-oldrel-windows-ix86+x86_64