CRAN Package Check Results for Package reactablefmtr

Last updated on 2022-12-10 00:50:02 CET.

Flavor Version Tinstall Tcheck Ttotal Status Flags
r-devel-linux-x86_64-debian-clang 2.0.0 8.50 119.04 127.54 NOTE
r-devel-linux-x86_64-debian-gcc 2.0.0 8.01 94.48 102.49 NOTE
r-devel-linux-x86_64-fedora-clang 2.0.0 189.28 NOTE
r-devel-linux-x86_64-fedora-gcc 2.0.0 190.14 NOTE
r-devel-windows-x86_64 2.0.0 74.00 220.00 294.00 NOTE
r-patched-linux-x86_64 2.0.0 9.82 103.11 112.93 NOTE
r-release-linux-x86_64 2.0.0 8.72 100.95 109.67 NOTE
r-release-macos-arm64 2.0.0 35.00 NOTE
r-release-macos-x86_64 2.0.0 68.00 NOTE
r-release-windows-x86_64 2.0.0 84.00 196.00 280.00 NOTE
r-oldrel-macos-arm64 2.0.0 36.00 NOTE
r-oldrel-macos-x86_64 2.0.0 50.00 NOTE
r-oldrel-windows-ix86+x86_64 2.0.0 18.00 141.00 159.00 NOTE

Check Details

Version: 2.0.0
Check: package dependencies
Result: NOTE
    Package suggested but not available for checking: 'dataui'
Flavors: r-devel-linux-x86_64-debian-clang, r-devel-linux-x86_64-debian-gcc, r-devel-linux-x86_64-fedora-clang, r-devel-linux-x86_64-fedora-gcc, r-devel-windows-x86_64, r-patched-linux-x86_64, r-release-linux-x86_64, r-release-macos-arm64, r-release-macos-x86_64, r-release-windows-x86_64, r-oldrel-macos-arm64, r-oldrel-macos-x86_64, r-oldrel-windows-ix86+x86_64