CRAN Package Check Results for Package rdwd

Last updated on 2021-06-21 01:49:32 CEST.

Flavor Version Tinstall Tcheck Ttotal Status Flags
r-devel-linux-x86_64-debian-clang 1.5.0 8.99 74.96 83.95 OK
r-devel-linux-x86_64-debian-gcc 1.5.0 9.21 58.96 68.17 OK
r-devel-linux-x86_64-fedora-clang 1.5.0 115.71 OK
r-devel-linux-x86_64-fedora-gcc 1.5.0 104.82 OK
r-devel-windows-x86_64 1.5.0 16.00 91.00 107.00 OK
r-devel-windows-x86_64-gcc10-UCRT 1.5.0 NOTE
r-patched-linux-x86_64 1.5.0 12.69 73.10 85.79 OK
r-patched-solaris-x86 1.5.0 174.30 OK
r-release-linux-x86_64 1.5.0 9.77 73.10 82.87 OK
r-release-macos-arm64 1.5.0 NOTE
r-release-macos-x86_64 1.5.0 OK
r-release-windows-ix86+x86_64 1.5.0 20.00 101.00 121.00 OK
r-oldrel-macos-x86_64 1.5.0 OK

Check Details

Version: 1.5.0
Check: package dependencies
Result: NOTE
    Package suggested but not available for checking: 'devtools'
Flavor: r-devel-windows-x86_64-gcc10-UCRT

Version: 1.5.0
Check: package dependencies
Result: NOTE
    Packages suggested but not available for checking: 'OSMscale', 'rgdal'
Flavor: r-release-macos-arm64

Version: 1.5.0
Check: Rd cross-references
Result: NOTE
    Package unavailable to check Rd xrefs: ‘rgdal’
Flavor: r-release-macos-arm64