CRAN Package Check Results for Package rdhs

Last updated on 2021-06-21 22:57:12 CEST.

Flavor Version Tinstall Tcheck Ttotal Status Flags
r-devel-linux-x86_64-debian-clang 0.7.2 7.05 64.23 71.28 OK
r-devel-linux-x86_64-debian-gcc 0.7.2 5.55 49.21 54.76 OK
r-devel-linux-x86_64-fedora-clang 0.7.2 95.47 OK
r-devel-linux-x86_64-fedora-gcc 0.7.2 86.05 OK
r-devel-windows-x86_64 0.7.2 11.00 89.00 100.00 OK
r-devel-windows-x86_64-gcc10-UCRT 0.7.2 ERROR
r-patched-linux-x86_64 0.7.2 7.77 62.35 70.12 OK
r-patched-solaris-x86 0.7.2 113.30 OK
r-release-linux-x86_64 0.7.2 5.26 62.26 67.52 OK
r-release-macos-arm64 0.7.2 OK
r-release-macos-x86_64 0.7.2 OK
r-release-windows-ix86+x86_64 0.7.2 13.00 97.00 110.00 OK
r-oldrel-macos-x86_64 0.7.2 OK

Check Details

Version: 0.7.2
Check: package dependencies
Result: ERROR
    Package required but not available: 'httr'
    
    See section 'The DESCRIPTION file' in the 'Writing R Extensions'
    manual.
Flavor: r-devel-windows-x86_64-gcc10-UCRT