CRAN Package Check Results for Package rddtools

Last updated on 2021-11-26 19:53:01 CET.

Flavor Version Tinstall Tcheck Ttotal Status Flags
r-devel-linux-x86_64-debian-clang 1.5.0 18.71 179.96 198.67 OK
r-devel-linux-x86_64-debian-gcc 1.5.0 15.20 135.68 150.88 OK
r-devel-linux-x86_64-fedora-clang 1.5.0 246.54 NOTE
r-devel-linux-x86_64-fedora-gcc 1.5.0 237.93 NOTE
r-devel-windows-x86_64-new-UL 1.5.0 35.00 233.00 268.00 OK
r-devel-windows-x86_64-new-TK 1.5.0 NOTE
r-devel-windows-x86_64-old 1.5.0 26.00 217.00 243.00 OK
r-patched-linux-x86_64 1.5.0 25.58 178.43 204.01 OK
r-patched-solaris-x86 1.5.0 314.40 NOTE
r-release-linux-x86_64 1.5.0 OK
r-release-macos-arm64 1.5.0 NOTE
r-release-macos-x86_64 1.5.0 NOTE
r-release-windows-ix86+x86_64 1.5.0 40.00 161.00 201.00 OK
r-oldrel-macos-x86_64 1.5.0 NOTE
r-oldrel-windows-ix86+x86_64 1.5.0 45.00 223.00 268.00 OK

Check Details

Version: 1.5.0
Check: dependencies in R code
Result: NOTE
    Namespace in Imports field not imported from: ‘rmarkdown’
     All declared Imports should be used.
Flavors: r-devel-linux-x86_64-fedora-clang, r-devel-linux-x86_64-fedora-gcc, r-devel-windows-x86_64-new-TK, r-patched-solaris-x86, r-release-macos-arm64, r-release-macos-x86_64, r-oldrel-macos-x86_64