CRAN Package Check Results for Package rcrimeanalysis

Last updated on 2021-06-23 22:54:28 CEST.

Flavor Version Tinstall Tcheck Ttotal Status Flags
r-devel-linux-x86_64-debian-clang 0.4.2 17.25 172.78 190.03 OK
r-devel-linux-x86_64-debian-gcc 0.4.2 13.94 128.94 142.88 OK
r-devel-linux-x86_64-fedora-clang 0.4.2 227.65 NOTE
r-devel-linux-x86_64-fedora-gcc 0.4.2 221.61 NOTE
r-devel-windows-x86_64 0.4.2 25.00 176.00 201.00 OK
r-devel-windows-x86_64-gcc10-UCRT 0.4.2 ERROR
r-patched-linux-x86_64 0.4.2 16.40 160.60 177.00 OK
r-patched-solaris-x86 0.4.2 330.30 NOTE
r-release-linux-x86_64 0.4.2 15.39 161.37 176.76 OK
r-release-macos-arm64 0.4.2 NOTE
r-release-macos-x86_64 0.4.2 NOTE
r-release-windows-ix86+x86_64 0.4.2 28.00 159.00 187.00 OK
r-oldrel-macos-x86_64 0.4.2 NOTE

Check Details

Version: 0.4.2
Check: dependencies in R code
Result: NOTE
    Namespaces in Imports field not imported from:
     ‘Rcpp’ ‘dplyr’
     All declared Imports should be used.
Flavors: r-devel-linux-x86_64-fedora-clang, r-devel-linux-x86_64-fedora-gcc, r-patched-solaris-x86, r-release-macos-arm64, r-release-macos-x86_64, r-oldrel-macos-x86_64

Version: 0.4.2
Check: package dependencies
Result: ERROR
    Packages required but not available: 'forecast', 'ggmap'
    
    See section 'The DESCRIPTION file' in the 'Writing R Extensions'
    manual.
Flavor: r-devel-windows-x86_64-gcc10-UCRT