Last updated on 2023-09-26 13:08:40 CEST.
Flavor | Version | Tinstall | Tcheck | Ttotal | Status | Flags |
---|---|---|---|---|---|---|
r-devel-linux-x86_64-debian-clang | 1.1 | 7.24 | 64.84 | 72.08 | OK | |
r-devel-linux-x86_64-debian-gcc | 1.1 | 5.28 | 48.29 | 53.57 | OK | |
r-devel-linux-x86_64-fedora-clang | 1.1 | 88.70 | NOTE | |||
r-devel-linux-x86_64-fedora-gcc | 1.1 | 102.32 | OK | |||
r-devel-windows-x86_64 | 1.1 | 9.00 | 76.00 | 85.00 | OK | |
r-patched-linux-x86_64 | 1.1 | 7.00 | 61.39 | 68.39 | OK | |
r-release-linux-x86_64 | 1.1 | 4.95 | 61.81 | 66.76 | OK | |
r-release-macos-arm64 | 1.1 | 37.00 | OK | |||
r-release-macos-x86_64 | 1.1 | 122.00 | OK | |||
r-release-windows-x86_64 | 1.1 | 11.00 | 82.00 | 93.00 | OK | |
r-oldrel-macos-arm64 | 1.1 | 29.00 | OK | |||
r-oldrel-macos-x86_64 | 1.1 | 42.00 | OK | |||
r-oldrel-windows-x86_64 | 1.1 | 10.00 | 77.00 | 87.00 | OK |
Version: 1.1
Check: Rd cross-references
Result: NOTE
Undeclared package ‘remotes’ in Rd xrefs
Flavor: r-devel-linux-x86_64-fedora-clang