CRAN Package Check Results for Package rcdd

Last updated on 2021-09-20 19:53:04 CEST.

Flavor Version Tinstall Tcheck Ttotal Status Flags
r-devel-linux-x86_64-debian-clang 1.2-2 18.84 55.65 74.49 OK
r-devel-linux-x86_64-debian-gcc 1.2-2 12.73 43.76 56.49 OK
r-devel-linux-x86_64-fedora-clang 1.2-2 102.89 OK
r-devel-linux-x86_64-fedora-gcc 1.2-2 92.17 OK
r-devel-windows-x86_64 1.2-2 29.00 67.00 96.00 OK
r-devel-windows-x86_64-gcc10-UCRT 1.2-2 ERROR
r-patched-linux-x86_64 1.2-2 16.59 55.29 71.88 OK
r-patched-solaris-x86 1.2-2 136.10 OK
r-release-linux-x86_64 1.2-2 15.24 55.16 70.40 OK
r-release-macos-arm64 1.2-2 OK
r-release-macos-x86_64 1.2-2 OK
r-release-windows-ix86+x86_64 1.2-2 62.00 97.00 159.00 OK
r-oldrel-macos-x86_64 1.2-2 OK
r-oldrel-windows-ix86+x86_64 1.2-2 56.00 98.00 154.00 OK

Check Details

Version: 1.2-2
Check: whether package can be installed
Result: ERROR
    Installation failed.
Flavor: r-devel-windows-x86_64-gcc10-UCRT