CRAN Package Check Results for Package rblt

Last updated on 2021-06-20 13:49:09 CEST.

Flavor Version Tinstall Tcheck Ttotal Status Flags
r-devel-linux-x86_64-debian-clang 0.2.4.5 9.55 77.16 86.71 NOTE
r-devel-linux-x86_64-debian-gcc 0.2.4.5 8.37 56.23 64.60 NOTE
r-devel-linux-x86_64-fedora-clang 0.2.4.5 113.00 NOTE
r-devel-linux-x86_64-fedora-gcc 0.2.4.5 99.38 NOTE
r-devel-windows-x86_64 0.2.4.5 19.00 71.00 90.00 NOTE
r-devel-windows-x86_64-gcc10-UCRT 0.2.4.5 NOTE
r-patched-linux-x86_64 0.2.4.5 11.89 70.14 82.03 NOTE
r-patched-solaris-x86 0.2.4.5 146.30 NOTE
r-release-linux-x86_64 0.2.4.5 10.70 71.12 81.82 NOTE
r-release-macos-arm64 0.2.4.5 ERROR
r-release-macos-x86_64 0.2.4.5 ERROR
r-release-windows-ix86+x86_64 0.2.4.5 27.00 86.00 113.00 NOTE
r-oldrel-macos-x86_64 0.2.4.5 OK
r-oldrel-windows-ix86+x86_64 0.2.4.5 19.00 94.00 113.00 OK

Check Details

Version: 0.2.4.5
Check: LazyData
Result: NOTE
     'LazyData' is specified without a 'data' directory
Flavors: r-devel-linux-x86_64-debian-clang, r-devel-linux-x86_64-debian-gcc, r-devel-linux-x86_64-fedora-clang, r-devel-linux-x86_64-fedora-gcc, r-devel-windows-x86_64, r-devel-windows-x86_64-gcc10-UCRT, r-patched-linux-x86_64, r-patched-solaris-x86, r-release-linux-x86_64, r-release-windows-ix86+x86_64

Version: 0.2.4.5
Check: package dependencies
Result: ERROR
    Package required but not available: ‘hdf5r’
    
    See section ‘The DESCRIPTION file’ in the ‘Writing R Extensions’
    manual.
Flavors: r-release-macos-arm64, r-release-macos-x86_64