CRAN Package Check Results for Package rbioacc

Last updated on 2024-02-28 21:49:56 CET.

Flavor Version Tinstall Tcheck Ttotal Status Flags
r-devel-linux-x86_64-debian-clang 1.2-0 481.86 245.26 727.12 NOTE
r-devel-linux-x86_64-debian-gcc 1.2.1 394.22 206.19 600.41 NOTE
r-devel-linux-x86_64-fedora-clang 1.2.1 515.03 NOTE
r-devel-linux-x86_64-fedora-gcc 1.2.1 643.72 NOTE
r-devel-windows-x86_64 1.2-0 328.00 238.00 566.00 NOTE
r-patched-linux-x86_64 1.2-0 449.91 274.20 724.11 NOTE
r-release-linux-x86_64 1.2-0 442.23 268.44 710.67 NOTE
r-release-macos-arm64 1.2.1 174.00 NOTE
r-release-macos-x86_64 1.2.1 184.00 NOTE
r-release-windows-x86_64 1.2-0 420.00 283.00 703.00 NOTE
r-oldrel-macos-arm64 1.2.1 167.00 NOTE
r-oldrel-windows-x86_64 1.2.1 255.00 237.00 492.00 NOTE

Check Details

Version: 1.2-0
Check: Rd files
Result: NOTE checkRd: (-1) dot-is_equal_rmInf.Rd:5: Lost braces; missing escapes or markup? 5 | \title{Check if two vectors \code{x} and {y} are equal after remove \code{Inf}} | ^ checkRd: (-1) dot-is_equal_rmInf.Rd:18: Lost braces; missing escapes or markup? 18 | Check if two vectors \code{x} and {y} are equal after remove \code{Inf} | ^ Flavor: r-devel-linux-x86_64-debian-clang

Version: 1.2-0
Check: for GNU extensions in Makefiles
Result: NOTE GNU make is a SystemRequirements. Flavors: r-devel-linux-x86_64-debian-clang, r-devel-windows-x86_64, r-patched-linux-x86_64, r-release-linux-x86_64, r-release-windows-x86_64

Version: 1.2.1
Check: for GNU extensions in Makefiles
Result: NOTE GNU make is a SystemRequirements. Flavors: r-devel-linux-x86_64-debian-gcc, r-devel-linux-x86_64-fedora-clang, r-devel-linux-x86_64-fedora-gcc, r-release-macos-arm64, r-release-macos-x86_64, r-oldrel-macos-arm64, r-oldrel-windows-x86_64

Version: 1.2.1
Check: installed package size
Result: NOTE installed size is 5.8Mb sub-directories of 1Mb or more: libs 5.2Mb Flavors: r-devel-linux-x86_64-fedora-clang, r-release-macos-arm64, r-release-macos-x86_64, r-oldrel-macos-arm64