CRAN Package Check Results for Package rbi.helpers

Last updated on 2022-10-05 00:52:50 CEST.

Flavor Version Tinstall Tcheck Ttotal Status Flags
r-devel-linux-x86_64-debian-clang 0.3.2 11.79 102.75 114.54 OK
r-devel-linux-x86_64-debian-gcc 0.3.2 8.32 77.64 85.96 OK
r-devel-linux-x86_64-fedora-clang 0.3.2 146.81 OK
r-devel-linux-x86_64-fedora-gcc 0.3.2 138.72 OK
r-devel-windows-x86_64 0.3.2 14.00 119.00 133.00 OK
r-patched-linux-x86_64 0.3.2 15.80 96.50 112.30 OK
r-release-linux-x86_64 0.3.2 11.29 94.64 105.93 OK
r-release-macos-arm64 0.3.2 39.00 OK
r-release-macos-x86_64 0.3.2 56.00 OK
r-release-windows-x86_64 0.3.2 38.00 125.00 163.00 OK
r-oldrel-macos-arm64 0.3.2 41.00 OK
r-oldrel-macos-x86_64 0.3.2 66.00 OK
r-oldrel-windows-ix86+x86_64 0.3.2 22.00 126.00 148.00 WARN

Check Details

Version: 0.3.2
Check: re-building of vignette outputs
Result: WARN
    Error(s) in re-building vignettes:
    --- re-building 'introduction.Rmd.rsp' using rsp
    Warning in parseRepos(sets = repos, where = where, fallback = fallback, :
     Had to fall back to a set of predefined repositories (please make sure to set your package repositories properly, cf. ?setRepositories): CRAN: '@CRAN@' -> 'https://cran.r-project.org'
    
    
    processing file: d:/RCompile/CRANpkg/local/4.1/rbi.helpers.Rcheck/vign_test/rbi.helpers/vignettes/introduction.Rmd
     ordinary text without R code
    
    label: unnamed-chunk-1 (with options)
    List of 1
     $ echo: logi FALSE
    
     ordinary text without R code
    
    label: unnamed-chunk-2 (with options)
    List of 1
     $ eval: logi FALSE
    
     ordinary text without R code
    
    label: unnamed-chunk-3 (with options)
    List of 1
     $ eval: logi FALSE
    
     ordinary text without R code
    
    label: unnamed-chunk-4 (with options)
    List of 1
     $ eval: logi FALSE
    
     ordinary text without R code
    
    label: unnamed-chunk-5 (with options)
    List of 1
     $ echo: logi FALSE
    
     ordinary text without R code
    
    label: unnamed-chunk-6
     ordinary text without R code
    
    label: unnamed-chunk-7 (with options)
    List of 1
     $ eval: logi FALSE
    
     ordinary text without R code
    
    label: unnamed-chunk-8 (with options)
    List of 2
     $ echo: logi FALSE
     $ eval: logi TRUE
    
     ordinary text without R code
    
    label: unnamed-chunk-9 (with options)
    List of 1
     $ eval: logi TRUE
    
     ordinary text without R code
    
    label: unnamed-chunk-10 (with options)
    List of 1
     $ eval: logi TRUE
    
     ordinary text without R code
    
    label: unnamed-chunk-11 (with options)
    List of 1
     $ eval: logi TRUE
    
     ordinary text without R code
    
    label: unnamed-chunk-12 (with options)
    List of 1
     $ eval: logi TRUE
    
     ordinary text without R code
    
    label: unnamed-chunk-13 (with options)
    List of 1
     $ eval: logi FALSE
    
     ordinary text without R code
    
    label: unnamed-chunk-14 (with options)
    List of 2
     $ echo: logi FALSE
     $ eval: logi TRUE
    
     ordinary text without R code
    
    label: unnamed-chunk-15 (with options)
    List of 1
     $ eval: logi TRUE
    
     ordinary text without R code
    
    label: unnamed-chunk-16 (with options)
    List of 1
     $ eval: logi TRUE
    
     ordinary text without R code
    
    label: unnamed-chunk-17 (with options)
    List of 1
     $ eval: logi FALSE
    
    output file: introduction.md
    
    Error: processing vignette 'introduction.Rmd.rsp' failed with diagnostics:
    there is no package called 'markdown'
    --- failed re-building 'introduction.Rmd.rsp'
    
    SUMMARY: processing the following file failed:
     'introduction.Rmd.rsp'
    
    Error: Vignette re-building failed.
    Execution halted
Flavor: r-oldrel-windows-ix86+x86_64