CRAN Package Check Results for Package rbi.helpers

Last updated on 2021-09-20 19:53:03 CEST.

Flavor Version Tinstall Tcheck Ttotal Status Flags
r-devel-linux-x86_64-debian-clang 0.3.2 9.49 91.26 100.75 OK
r-devel-linux-x86_64-debian-gcc 0.3.2 7.92 69.88 77.80 OK
r-devel-linux-x86_64-fedora-clang 0.3.2 126.09 OK
r-devel-linux-x86_64-fedora-gcc 0.3.2 114.59 OK
r-devel-windows-x86_64 0.3.2 11.00 82.00 93.00 OK
r-devel-windows-x86_64-gcc10-UCRT 0.3.2 ERROR
r-patched-linux-x86_64 0.3.2 12.31 112.77 125.08 WARN
r-patched-solaris-x86 0.3.2 229.10 OK
r-release-linux-x86_64 0.3.2 9.58 110.67 120.25 WARN
r-release-macos-arm64 0.3.2 OK
r-release-macos-x86_64 0.3.2 OK
r-release-windows-ix86+x86_64 0.3.2 20.00 85.00 105.00 WARN
r-oldrel-macos-x86_64 0.3.2 OK
r-oldrel-windows-ix86+x86_64 0.3.2 20.00 89.00 109.00 WARN

Check Details

Version: 0.3.2
Check: whether package can be installed
Result: WARN
    Found the following significant warnings:
     WARNING: installation-time patches will not be applied, could not get the patches index
Flavor: r-devel-windows-x86_64-gcc10-UCRT

Version: 0.3.2
Check: PDF version of manual
Result: WARN
    LaTeX errors when creating PDF version.
    This typically indicates Rd problems.
Flavor: r-devel-windows-x86_64-gcc10-UCRT

Version: 0.3.2
Check: PDF version of manual without hyperrefs or index
Result: ERROR
    Re-running with no redirection of stdout/stderr.
Flavor: r-devel-windows-x86_64-gcc10-UCRT

Version: 0.3.2
Check: re-building of vignette outputs
Result: WARN
    Error(s) in re-building vignettes:
     ...
    --- re-building ‘introduction.Rmd.rsp’ using rsp
    
    
    processing file: /home/hornik/tmp/R.check/r-patched-gcc/Work/PKGS/rbi.helpers.Rcheck/vign_test/rbi.helpers/vignettes/introduction.Rmd
     ordinary text without R code
    
    label: unnamed-chunk-1 (with options)
    List of 1
     $ echo: logi FALSE
    
     ordinary text without R code
    
    label: unnamed-chunk-2 (with options)
    List of 1
     $ eval: logi FALSE
    
     ordinary text without R code
    
    label: unnamed-chunk-3 (with options)
    List of 1
     $ eval: logi FALSE
    
     ordinary text without R code
    
    label: unnamed-chunk-4 (with options)
    List of 1
     $ eval: logi FALSE
    
     ordinary text without R code
    
    label: unnamed-chunk-5 (with options)
    List of 1
     $ echo: logi FALSE
    
     ordinary text without R code
    
    label: unnamed-chunk-6
     ordinary text without R code
    
    label: unnamed-chunk-7 (with options)
    List of 1
     $ eval: logi FALSE
    
     ordinary text without R code
    
    label: unnamed-chunk-8 (with options)
    List of 2
     $ echo: logi FALSE
     $ eval: logi TRUE
    
     ordinary text without R code
    
    label: unnamed-chunk-9 (with options)
    List of 1
     $ eval: logi TRUE
    
     ordinary text without R code
    
    label: unnamed-chunk-10 (with options)
    List of 1
     $ eval: logi TRUE
    
     ordinary text without R code
    
    label: unnamed-chunk-11 (with options)
    List of 1
     $ eval: logi TRUE
    
     ordinary text without R code
    
    label: unnamed-chunk-12 (with options)
    List of 1
     $ eval: logi TRUE
    
     ordinary text without R code
    
    label: unnamed-chunk-13 (with options)
    List of 1
     $ eval: logi FALSE
    
     ordinary text without R code
    
    label: unnamed-chunk-14 (with options)
    List of 2
     $ echo: logi FALSE
     $ eval: logi TRUE
    
     ordinary text without R code
    
    label: unnamed-chunk-15 (with options)
    List of 1
     $ eval: logi TRUE
    
     ordinary text without R code
    
    label: unnamed-chunk-16 (with options)
    List of 1
     $ eval: logi TRUE
    
     ordinary text without R code
    
    label: unnamed-chunk-17 (with options)
    List of 1
     $ eval: logi FALSE
    
    output file: introduction.md
    
    Error: processing vignette 'introduction.Rmd.rsp' failed with diagnostics:
    there is no package called ‘markdown’
    --- failed re-building ‘introduction.Rmd.rsp’
    
    SUMMARY: processing the following file failed:
     ‘introduction.Rmd.rsp’
    
    Error: Vignette re-building failed.
    Execution halted
Flavor: r-patched-linux-x86_64

Version: 0.3.2
Check: re-building of vignette outputs
Result: WARN
    Error(s) in re-building vignettes:
     ...
    --- re-building ‘introduction.Rmd.rsp’ using rsp
    
    
    processing file: /home/hornik/tmp/R.check/r-release-gcc/Work/PKGS/rbi.helpers.Rcheck/vign_test/rbi.helpers/vignettes/introduction.Rmd
     ordinary text without R code
    
    label: unnamed-chunk-1 (with options)
    List of 1
     $ echo: logi FALSE
    
     ordinary text without R code
    
    label: unnamed-chunk-2 (with options)
    List of 1
     $ eval: logi FALSE
    
     ordinary text without R code
    
    label: unnamed-chunk-3 (with options)
    List of 1
     $ eval: logi FALSE
    
     ordinary text without R code
    
    label: unnamed-chunk-4 (with options)
    List of 1
     $ eval: logi FALSE
    
     ordinary text without R code
    
    label: unnamed-chunk-5 (with options)
    List of 1
     $ echo: logi FALSE
    
     ordinary text without R code
    
    label: unnamed-chunk-6
     ordinary text without R code
    
    label: unnamed-chunk-7 (with options)
    List of 1
     $ eval: logi FALSE
    
     ordinary text without R code
    
    label: unnamed-chunk-8 (with options)
    List of 2
     $ echo: logi FALSE
     $ eval: logi TRUE
    
     ordinary text without R code
    
    label: unnamed-chunk-9 (with options)
    List of 1
     $ eval: logi TRUE
    
     ordinary text without R code
    
    label: unnamed-chunk-10 (with options)
    List of 1
     $ eval: logi TRUE
    
     ordinary text without R code
    
    label: unnamed-chunk-11 (with options)
    List of 1
     $ eval: logi TRUE
    
     ordinary text without R code
    
    label: unnamed-chunk-12 (with options)
    List of 1
     $ eval: logi TRUE
    
     ordinary text without R code
    
    label: unnamed-chunk-13 (with options)
    List of 1
     $ eval: logi FALSE
    
     ordinary text without R code
    
    label: unnamed-chunk-14 (with options)
    List of 2
     $ echo: logi FALSE
     $ eval: logi TRUE
    
     ordinary text without R code
    
    label: unnamed-chunk-15 (with options)
    List of 1
     $ eval: logi TRUE
    
     ordinary text without R code
    
    label: unnamed-chunk-16 (with options)
    List of 1
     $ eval: logi TRUE
    
     ordinary text without R code
    
    label: unnamed-chunk-17 (with options)
    List of 1
     $ eval: logi FALSE
    
    output file: introduction.md
    
    Error: processing vignette 'introduction.Rmd.rsp' failed with diagnostics:
    there is no package called ‘markdown’
    --- failed re-building ‘introduction.Rmd.rsp’
    
    SUMMARY: processing the following file failed:
     ‘introduction.Rmd.rsp’
    
    Error: Vignette re-building failed.
    Execution halted
Flavor: r-release-linux-x86_64

Version: 0.3.2
Check: re-building of vignette outputs
Result: WARN
    Error(s) in re-building vignettes:
    --- re-building 'introduction.Rmd.rsp' using rsp
    Warning in parseRepos(sets = repos, where = where, fallback = fallback, :
     Had to fall back to a set of predefined repositories (please make sure to set your package repositories properly, cf. ?setRepositories): CRAN: '@CRAN@' -> 'https://cran.r-project.org'
    
    
    processing file: d:/RCompile/CRANpkg/local/4.1/rbi.helpers.Rcheck/vign_test/rbi.helpers/vignettes/introduction.Rmd
     ordinary text without R code
    
    label: unnamed-chunk-1 (with options)
    List of 1
     $ echo: logi FALSE
    
     ordinary text without R code
    
    label: unnamed-chunk-2 (with options)
    List of 1
     $ eval: logi FALSE
    
     ordinary text without R code
    
    label: unnamed-chunk-3 (with options)
    List of 1
     $ eval: logi FALSE
    
     ordinary text without R code
    
    label: unnamed-chunk-4 (with options)
    List of 1
     $ eval: logi FALSE
    
     ordinary text without R code
    
    label: unnamed-chunk-5 (with options)
    List of 1
     $ echo: logi FALSE
    
     ordinary text without R code
    
    label: unnamed-chunk-6
     ordinary text without R code
    
    label: unnamed-chunk-7 (with options)
    List of 1
     $ eval: logi FALSE
    
     ordinary text without R code
    
    label: unnamed-chunk-8 (with options)
    List of 2
     $ echo: logi FALSE
     $ eval: logi TRUE
    
     ordinary text without R code
    
    label: unnamed-chunk-9 (with options)
    List of 1
     $ eval: logi TRUE
    
     ordinary text without R code
    
    label: unnamed-chunk-10 (with options)
    List of 1
     $ eval: logi TRUE
    
     ordinary text without R code
    
    label: unnamed-chunk-11 (with options)
    List of 1
     $ eval: logi TRUE
    
     ordinary text without R code
    
    label: unnamed-chunk-12 (with options)
    List of 1
     $ eval: logi TRUE
    
     ordinary text without R code
    
    label: unnamed-chunk-13 (with options)
    List of 1
     $ eval: logi FALSE
    
     ordinary text without R code
    
    label: unnamed-chunk-14 (with options)
    List of 2
     $ echo: logi FALSE
     $ eval: logi TRUE
    
     ordinary text without R code
    
    label: unnamed-chunk-15 (with options)
    List of 1
     $ eval: logi TRUE
    
     ordinary text without R code
    
    label: unnamed-chunk-16 (with options)
    List of 1
     $ eval: logi TRUE
    
     ordinary text without R code
    
    label: unnamed-chunk-17 (with options)
    List of 1
     $ eval: logi FALSE
    
    output file: introduction.md
    
    Error: processing vignette 'introduction.Rmd.rsp' failed with diagnostics:
    there is no package called 'markdown'
    --- failed re-building 'introduction.Rmd.rsp'
    
    SUMMARY: processing the following file failed:
     'introduction.Rmd.rsp'
    
    Error: Vignette re-building failed.
    Execution halted
Flavor: r-release-windows-ix86+x86_64

Version: 0.3.2
Check: re-building of vignette outputs
Result: WARN
    Error(s) in re-building vignettes:
    --- re-building 'introduction.Rmd.rsp' using rsp
    Warning in parseRepos(sets = repos, where = where, fallback = fallback, :
     Had to fall back to a set of predefined repositories (please make sure to set your package repositories properly, cf. ?setRepositories): CRAN: '@CRAN@' -> 'https://cran.r-project.org'
    
    
    processing file: d:/RCompile/CRANpkg/local/4.0/rbi.helpers.Rcheck/vign_test/rbi.helpers/vignettes/introduction.Rmd
     ordinary text without R code
    
    label: unnamed-chunk-1 (with options)
    List of 1
     $ echo: logi FALSE
    
     ordinary text without R code
    
    label: unnamed-chunk-2 (with options)
    List of 1
     $ eval: logi FALSE
    
     ordinary text without R code
    
    label: unnamed-chunk-3 (with options)
    List of 1
     $ eval: logi FALSE
    
     ordinary text without R code
    
    label: unnamed-chunk-4 (with options)
    List of 1
     $ eval: logi FALSE
    
     ordinary text without R code
    
    label: unnamed-chunk-5 (with options)
    List of 1
     $ echo: logi FALSE
    
     ordinary text without R code
    
    label: unnamed-chunk-6
     ordinary text without R code
    
    label: unnamed-chunk-7 (with options)
    List of 1
     $ eval: logi FALSE
    
     ordinary text without R code
    
    label: unnamed-chunk-8 (with options)
    List of 2
     $ echo: logi FALSE
     $ eval: logi TRUE
    
     ordinary text without R code
    
    label: unnamed-chunk-9 (with options)
    List of 1
     $ eval: logi TRUE
    
     ordinary text without R code
    
    label: unnamed-chunk-10 (with options)
    List of 1
     $ eval: logi TRUE
    
     ordinary text without R code
    
    label: unnamed-chunk-11 (with options)
    List of 1
     $ eval: logi TRUE
    
     ordinary text without R code
    
    label: unnamed-chunk-12 (with options)
    List of 1
     $ eval: logi TRUE
    
     ordinary text without R code
    
    label: unnamed-chunk-13 (with options)
    List of 1
     $ eval: logi FALSE
    
     ordinary text without R code
    
    label: unnamed-chunk-14 (with options)
    List of 2
     $ echo: logi FALSE
     $ eval: logi TRUE
    
     ordinary text without R code
    
    label: unnamed-chunk-15 (with options)
    List of 1
     $ eval: logi TRUE
    
     ordinary text without R code
    
    label: unnamed-chunk-16 (with options)
    List of 1
     $ eval: logi TRUE
    
     ordinary text without R code
    
    label: unnamed-chunk-17 (with options)
    List of 1
     $ eval: logi FALSE
    
    output file: introduction.md
    
    Error: processing vignette 'introduction.Rmd.rsp' failed with diagnostics:
    there is no package called 'markdown'
    --- failed re-building 'introduction.Rmd.rsp'
    
    SUMMARY: processing the following file failed:
     'introduction.Rmd.rsp'
    
    Error: Vignette re-building failed.
    Execution halted
Flavor: r-oldrel-windows-ix86+x86_64