CRAN Package Check Results for Package rbenvo

Last updated on 2021-07-26 01:50:29 CEST.

Flavor Version Tinstall Tcheck Ttotal Status Flags
r-devel-linux-x86_64-debian-clang 1.0.5 11.83 144.56 156.39 OK
r-devel-linux-x86_64-debian-gcc 1.0.5 9.22 109.68 118.90 OK
r-devel-linux-x86_64-fedora-clang 1.0.5 197.48 NOTE
r-devel-windows-x86_64 1.0.5 19.00 174.00 193.00 OK
r-devel-windows-x86_64-gcc10-UCRT 1.0.5 NOTE
r-patched-linux-x86_64 1.0.5 10.63 135.31 145.94 OK
r-patched-solaris-x86 1.0.5 274.10 NOTE
r-release-linux-x86_64 1.0.5 10.88 137.69 148.57 OK
r-release-macos-arm64 1.0.5 WARN
r-release-macos-x86_64 1.0.5 NOTE
r-release-windows-ix86+x86_64 1.0.5 28.00 124.00 152.00 OK
r-oldrel-macos-x86_64 1.0.5 NOTE
r-oldrel-windows-ix86+x86_64 1.0.5 20.00 168.00 188.00 OK

Check Details

Version: 1.0.5
Check: data for non-ASCII characters
Result: NOTE
     Note: found 8 marked UTF-8 strings
Flavors: r-devel-linux-x86_64-fedora-clang, r-devel-windows-x86_64-gcc10-UCRT, r-patched-solaris-x86, r-release-macos-arm64, r-release-macos-x86_64, r-oldrel-macos-x86_64

Version: 1.0.5
Check: re-building of vignette outputs
Result: WARN
    Error(s) in re-building vignettes:
    --- re-building ‘Building_Benvos.Rmd’ using rmarkdown
    Warning in engine$weave(file, quiet = quiet, encoding = enc) :
     Pandoc (>= 1.12.3) not available. Falling back to R Markdown v1.
    
    Attaching package: 'rbenvo'
    
    The following object is masked from 'package:stats':
    
     filter
    
    Quitting from lines 74-75 (Building_Benvos.Rmd)
    Error: processing vignette 'Building_Benvos.Rmd' failed with diagnostics:
    polygon edge not found
    --- failed re-building ‘Building_Benvos.Rmd’
    
    --- re-building ‘Introduction.Rmd’ using rmarkdown
    Warning in engine$weave(file, quiet = quiet, encoding = enc) :
     Pandoc (>= 1.12.3) not available. Falling back to R Markdown v1.
    
    Attaching package: 'rbenvo'
    
    The following object is masked from 'package:stats':
    
     filter
    
    Quitting from lines 78-79 (Introduction.Rmd)
    Error: processing vignette 'Introduction.Rmd' failed with diagnostics:
    polygon edge not found
    --- failed re-building ‘Introduction.Rmd’
    
    SUMMARY: processing the following files failed:
     ‘Building_Benvos.Rmd’ ‘Introduction.Rmd’
    
    Error: Vignette re-building failed.
    Execution halted
Flavor: r-release-macos-arm64