CRAN Package Check Results for Package rbedrock

Last updated on 2021-11-26 19:53:01 CET.

Flavor Version Tinstall Tcheck Ttotal Status Flags
r-devel-linux-x86_64-debian-clang 0.1.1 58.91 47.70 106.61 OK
r-devel-linux-x86_64-debian-gcc 0.1.1 48.98 36.65 85.63 OK
r-devel-linux-x86_64-fedora-clang 0.1.1 175.42 NOTE
r-devel-linux-x86_64-fedora-gcc 0.1.1 144.92 NOTE
r-devel-windows-x86_64-new-UL 0.1.1 111.00 114.00 225.00 OK
r-devel-windows-x86_64-new-TK 0.1.1 OK
r-devel-windows-x86_64-old 0.1.1 71.00 79.00 150.00 OK
r-patched-linux-x86_64 0.1.1 51.34 45.82 97.16 OK
r-patched-solaris-x86 0.1.1 152.40 OK
r-release-linux-x86_64 0.1.1 OK
r-release-macos-arm64 0.1.1 NOTE
r-release-macos-x86_64 0.1.1 NOTE
r-release-windows-ix86+x86_64 0.1.1 151.00 85.00 236.00 OK
r-oldrel-macos-x86_64 0.1.1 NOTE
r-oldrel-windows-ix86+x86_64 0.1.1 152.00 100.00 252.00 OK

Check Details

Version: 0.1.1
Check: for GNU extensions in Makefiles
Result: NOTE
    GNU make is a SystemRequirements.
Flavors: r-devel-linux-x86_64-fedora-clang, r-devel-linux-x86_64-fedora-gcc, r-release-macos-arm64, r-release-macos-x86_64, r-oldrel-macos-x86_64

Version: 0.1.1
Check: installed package size
Result: NOTE
     installed size is 5.2Mb
     sub-directories of 1Mb or more:
     libs 4.2Mb
Flavor: r-release-macos-arm64