CRAN Package Check Results for Package ravedash

Last updated on 2022-10-04 00:51:44 CEST.

Flavor Version Tinstall Tcheck Ttotal Status Flags
r-devel-linux-x86_64-debian-clang 0.1.1 0.52 3.32 3.84 ERROR
r-devel-linux-x86_64-debian-gcc 0.1.1 0.40 2.34 2.74 ERROR
r-devel-linux-x86_64-fedora-clang 0.1.1 107.40 OK
r-devel-linux-x86_64-fedora-gcc 0.1.1 101.41 OK
r-devel-windows-x86_64 0.1.1 16.00 97.00 113.00 OK
r-patched-linux-x86_64 0.1.1 0.50 3.23 3.73 ERROR
r-release-linux-x86_64 0.1.1 0.31 3.07 3.38 ERROR
r-release-macos-arm64 0.1.1 27.00 OK
r-release-macos-x86_64 0.1.1 42.00 OK
r-release-windows-x86_64 0.1.1 41.00 99.00 140.00 OK
r-oldrel-macos-arm64 0.1.1 29.00 OK
r-oldrel-macos-x86_64 0.1.1 41.00 OK
r-oldrel-windows-ix86+x86_64 0.1.1 23.00 96.00 119.00 OK

Check Details

Version: 0.1.1
Check: package dependencies
Result: ERROR
    Package required but not available: 'raveio'
    
    See section 'The DESCRIPTION file' in the 'Writing R Extensions'
    manual.
Flavors: r-devel-linux-x86_64-debian-clang, r-devel-linux-x86_64-debian-gcc, r-patched-linux-x86_64, r-release-linux-x86_64