CRAN Package Check Results for Package ratelimitr

Last updated on 2023-03-24 06:50:45 CET.

Flavor Version Tinstall Tcheck Ttotal Status Flags
r-devel-linux-x86_64-debian-clang 0.4.1 1.91 27.34 29.25 NOTE
r-devel-linux-x86_64-debian-gcc 0.4.1 1.54 22.15 23.69 NOTE
r-devel-linux-x86_64-fedora-clang 0.4.1 38.33 NOTE
r-devel-linux-x86_64-fedora-gcc 0.4.1 46.70 NOTE
r-patched-linux-x86_64 0.4.1 1.68 28.05 29.73 NOTE
r-release-linux-x86_64 0.4.1 2.04 28.26 30.30 NOTE
r-release-macos-arm64 0.4.1 36.00 NOTE
r-release-macos-x86_64 0.4.1 44.00 NOTE
r-release-windows-x86_64 0.4.1 26.00 75.00 101.00 NOTE
r-oldrel-macos-arm64 0.4.1 43.00 NOTE
r-oldrel-macos-x86_64 0.4.1 47.00 NOTE
r-oldrel-windows-ix86+x86_64 0.4.1 5.00 77.00 82.00 NOTE

Check Details

Version: 0.4.1
Check: LazyData
Result: NOTE
     'LazyData' is specified without a 'data' directory
Flavors: r-devel-linux-x86_64-debian-clang, r-devel-linux-x86_64-debian-gcc, r-devel-linux-x86_64-fedora-clang, r-devel-linux-x86_64-fedora-gcc, r-patched-linux-x86_64, r-release-linux-x86_64, r-release-macos-arm64, r-release-macos-x86_64, r-release-windows-x86_64, r-oldrel-macos-arm64, r-oldrel-macos-x86_64, r-oldrel-windows-ix86+x86_64