CRAN Package Check Results for Package rasterbc

Last updated on 2023-02-03 18:51:35 CET.

Flavor Version Tinstall Tcheck Ttotal Status Flags
r-devel-linux-x86_64-debian-clang 1.0.1 3.55 44.08 47.63 NOTE
r-devel-linux-x86_64-debian-gcc 1.0.1 2.55 33.06 35.61 NOTE
r-devel-linux-x86_64-fedora-clang 1.0.1 58.85 NOTE
r-devel-linux-x86_64-fedora-gcc 1.0.1 68.50 NOTE
r-devel-windows-x86_64 1.0.1 17.00 74.00 91.00 FAIL
r-patched-linux-x86_64 1.0.1 3.10 42.72 45.82 OK
r-release-linux-x86_64 1.0.1 3.57 42.13 45.70 OK
r-release-macos-arm64 1.0.1 24.00 OK
r-release-macos-x86_64 1.0.1 31.00 OK
r-release-windows-x86_64 1.0.1 15.00 80.00 95.00 OK
r-oldrel-macos-arm64 1.0.1 22.00 OK
r-oldrel-macos-x86_64 1.0.1 29.00 OK
r-oldrel-windows-ix86+x86_64 1.0.1 8.00 68.00 76.00 OK

Check Details

Version: 1.0.1
Check: package subdirectories
Result: NOTE
    Problems with news in ‘NEWS.md’:
    No news entries found.
Flavors: r-devel-linux-x86_64-debian-clang, r-devel-linux-x86_64-debian-gcc, r-devel-linux-x86_64-fedora-clang, r-devel-linux-x86_64-fedora-gcc, r-devel-windows-x86_64

Version: 1.0.1
Check: PDF version of manual
Result: FAIL
Flavor: r-devel-windows-x86_64