CRAN Package Check Results for Package raster

Last updated on 2021-06-18 19:50:59 CEST.

Flavor Version Tinstall Tcheck Ttotal Status Flags
r-devel-linux-x86_64-debian-clang 3.4-10 228.98 296.52 525.50 OK
r-devel-linux-x86_64-debian-gcc 3.4-10 145.01 217.20 362.21 OK
r-devel-linux-x86_64-fedora-clang 3.4-13 608.32 NOTE
r-devel-linux-x86_64-fedora-gcc 3.4-13 503.03 OK
r-devel-windows-x86_64 3.4-10 278.00 367.00 645.00 OK
r-devel-windows-x86_64-gcc10-UCRT 3.4-10 NOTE
r-patched-linux-x86_64 3.4-10 178.88 280.47 459.35 OK
r-patched-solaris-x86 3.4-13 599.50 OK
r-release-linux-x86_64 3.4-10 172.20 281.46 453.66 OK
r-release-macos-arm64 3.4-10 NOTE
r-release-macos-x86_64 3.4-10 NOTE
r-release-windows-ix86+x86_64 3.4-10 470.00 471.00 941.00 NOTE
r-oldrel-macos-x86_64 3.4-10 NOTE
r-oldrel-windows-ix86+x86_64 3.4-13 346.00 356.00 702.00 NOTE

Check Details

Version: 3.4-13
Check: installed package size
Result: NOTE
     installed size is 9.8Mb
     sub-directories of 1Mb or more:
     R 2.6Mb
     libs 6.2Mb
Flavors: r-devel-linux-x86_64-fedora-clang, r-oldrel-windows-ix86+x86_64

Version: 3.4-10
Check: package dependencies
Result: NOTE
    Package suggested but not available for checking: 'sf'
Flavor: r-devel-windows-x86_64-gcc10-UCRT

Version: 3.4-10
Check: package dependencies
Result: NOTE
    Packages suggested but not available for checking: 'rgdal', 'sf'
Flavor: r-release-macos-arm64

Version: 3.4-10
Check: installed package size
Result: NOTE
     installed size is 12.3Mb
     sub-directories of 1Mb or more:
     R 3.0Mb
     libs 8.2Mb
Flavors: r-release-macos-arm64, r-release-macos-x86_64, r-release-windows-ix86+x86_64, r-oldrel-macos-x86_64

Version: 3.4-10
Check: Rd cross-references
Result: NOTE
    Package unavailable to check Rd xrefs: ‘rgdal’
Flavor: r-release-macos-arm64