Last updated on 2023-02-05 00:55:31 CET.
Flavor | Version | Tinstall | Tcheck | Ttotal | Status | Flags |
---|---|---|---|---|---|---|
r-devel-linux-x86_64-debian-clang | 0.2.1 | 238.53 | 478.42 | 716.95 | NOTE | |
r-devel-linux-x86_64-debian-gcc | 0.2.1 | 176.07 | 351.47 | 527.54 | NOTE | |
r-devel-linux-x86_64-fedora-clang | 0.2.1 | 1003.12 | NOTE | |||
r-devel-linux-x86_64-fedora-gcc | 0.2.1 | 889.88 | NOTE | |||
r-devel-windows-x86_64 | 0.2.1 | 220.00 | 488.00 | 708.00 | NOTE | |
r-patched-linux-x86_64 | 0.2.1 | 177.83 | 444.92 | 622.75 | NOTE | |
r-release-linux-x86_64 | 0.2.1 | 152.13 | 447.62 | 599.75 | NOTE | |
r-release-macos-arm64 | 0.2.1 | 173.00 | NOTE | |||
r-release-macos-x86_64 | 0.2.1 | 279.00 | NOTE | |||
r-release-windows-x86_64 | 0.2.1 | 218.00 | 530.00 | 748.00 | NOTE | |
r-oldrel-macos-arm64 | 0.2.1 | 133.00 | NOTE | |||
r-oldrel-macos-x86_64 | 0.2.1 | 277.00 | NOTE | |||
r-oldrel-windows-ix86+x86_64 | 0.2.1 | 506.00 | 776.00 | 1282.00 | NOTE |
Version: 0.2.1
Check: package dependencies
Result: NOTE
Package suggested but not available for checking: ‘gurobi’
Flavors: r-devel-linux-x86_64-debian-clang, r-devel-linux-x86_64-debian-gcc, r-devel-linux-x86_64-fedora-clang, r-devel-linux-x86_64-fedora-gcc, r-devel-windows-x86_64, r-patched-linux-x86_64, r-release-linux-x86_64, r-release-macos-arm64, r-release-macos-x86_64, r-release-windows-x86_64, r-oldrel-macos-arm64, r-oldrel-macos-x86_64, r-oldrel-windows-ix86+x86_64
Version: 0.2.1
Check: C++ specification
Result: NOTE
Specified C++11: please update to current default of C++17
Flavors: r-devel-linux-x86_64-debian-clang, r-devel-linux-x86_64-debian-gcc, r-devel-linux-x86_64-fedora-clang, r-devel-linux-x86_64-fedora-gcc, r-devel-windows-x86_64
Version: 0.2.1
Check: installed package size
Result: NOTE
installed size is 6.6Mb
sub-directories of 1Mb or more:
data 3.6Mb
doc 1.5Mb
Flavors: r-devel-linux-x86_64-fedora-clang, r-devel-windows-x86_64, r-release-macos-arm64, r-release-macos-x86_64, r-release-windows-x86_64, r-oldrel-macos-arm64, r-oldrel-macos-x86_64, r-oldrel-windows-ix86+x86_64