CRAN Package Check Results for Package raptr

Last updated on 2021-06-21 22:57:11 CEST.

Flavor Version Tinstall Tcheck Ttotal Status Flags
r-devel-linux-x86_64-debian-clang 0.1.7 208.35 245.56 453.91 NOTE
r-devel-linux-x86_64-debian-gcc 0.1.7 140.40 186.05 326.45 NOTE
r-devel-linux-x86_64-fedora-clang 0.1.7 623.88 NOTE
r-devel-linux-x86_64-fedora-gcc 0.1.7 558.64 NOTE
r-devel-windows-x86_64 0.1.7 234.00 267.00 501.00 NOTE
r-devel-windows-x86_64-gcc10-UCRT 0.1.7 NOTE
r-patched-linux-x86_64 0.1.7 163.60 237.91 401.51 NOTE
r-patched-solaris-x86 0.1.7 807.80 NOTE
r-release-linux-x86_64 0.1.7 169.43 235.46 404.89 NOTE
r-release-macos-arm64 0.1.7 NOTE
r-release-macos-x86_64 0.1.7 NOTE
r-release-windows-ix86+x86_64 0.1.7 441.00 473.00 914.00 NOTE
r-oldrel-macos-x86_64 0.1.7 NOTE

Check Details

Version: 0.1.7
Check: package dependencies
Result: NOTE
    Package suggested but not available for checking: 'gurobi'
Flavors: r-devel-linux-x86_64-debian-clang, r-devel-linux-x86_64-debian-gcc, r-devel-linux-x86_64-fedora-clang, r-devel-linux-x86_64-fedora-gcc, r-devel-windows-x86_64, r-devel-windows-x86_64-gcc10-UCRT, r-patched-linux-x86_64, r-patched-solaris-x86, r-release-linux-x86_64, r-release-macos-arm64, r-release-macos-x86_64, r-release-windows-ix86+x86_64, r-oldrel-macos-x86_64

Version: 0.1.7
Check: installed package size
Result: NOTE
     installed size is 16.6Mb
     sub-directories of 1Mb or more:
     data 3.6Mb
     doc 1.4Mb
     libs 10.9Mb
Flavors: r-devel-linux-x86_64-fedora-clang, r-devel-windows-x86_64, r-patched-solaris-x86, r-release-macos-arm64, r-release-macos-x86_64, r-release-windows-ix86+x86_64, r-oldrel-macos-x86_64

Version: 0.1.7
Check: dependencies in R code
Result: NOTE
    Namespace in Imports field not imported from: ‘rgdal’
     All declared Imports should be used.
Flavors: r-devel-linux-x86_64-fedora-clang, r-devel-linux-x86_64-fedora-gcc, r-devel-windows-x86_64-gcc10-UCRT, r-patched-solaris-x86, r-release-macos-arm64, r-release-macos-x86_64, r-oldrel-macos-x86_64