CRAN Package Check Results for Package rapport

Last updated on 2024-06-13 06:58:14 CEST.

Flavor Version Tinstall Tcheck Ttotal Status Flags
r-devel-linux-x86_64-debian-clang 1.1 7.78 52.48 60.26 NOTE
r-devel-linux-x86_64-debian-gcc 1.1 0.46 1.54 2.00 ERROR
r-devel-linux-x86_64-fedora-clang 1.1 75.80 NOTE
r-devel-linux-x86_64-fedora-gcc 1.1 70.59 NOTE
r-devel-windows-x86_64 1.1 8.00 64.00 72.00 NOTE
r-patched-linux-x86_64 1.1 13.97 50.25 64.22 NOTE
r-release-linux-x86_64 1.1 7.00 49.94 56.94 NOTE
r-release-macos-arm64 1.1 25.00 NOTE
r-release-macos-x86_64 1.1 59.00 NOTE
r-release-windows-x86_64 1.1 8.00 63.00 71.00 NOTE
r-oldrel-macos-arm64 1.1 25.00 OK
r-oldrel-macos-x86_64 1.1 39.00 OK
r-oldrel-windows-x86_64 1.1 9.00 72.00 81.00 OK

Check Details

Version: 1.1
Check: Rd files
Result: NOTE checkRd: (-1) rapport.inputs.Rd:26: Lost braces 26 | \item \emph{dataset inputs}, i.e. the inputs that refer to named element of an |code{R} object provided in \code{data} argument in \code{rapport} call. Currently, \code{rapport} supports only \code{data.frame} objects, but that may change in the (near) future. | ^ Flavors: r-devel-linux-x86_64-debian-clang, r-devel-linux-x86_64-fedora-clang, r-devel-linux-x86_64-fedora-gcc, r-devel-windows-x86_64, r-patched-linux-x86_64, r-release-linux-x86_64, r-release-macos-arm64, r-release-macos-x86_64, r-release-windows-x86_64

Version: 1.1
Check: package dependencies
Result: ERROR Packages required but not available: 'stringr', 'rapportools' See section ‘The DESCRIPTION file’ in the ‘Writing R Extensions’ manual. Flavor: r-devel-linux-x86_64-debian-gcc