CRAN Package Check Results for Package rapidoc

Last updated on 2021-08-01 07:52:01 CEST.

Flavor Version Tinstall Tcheck Ttotal Status Flags
r-devel-linux-x86_64-debian-clang 8.4.3 1.72 21.11 22.83 NOTE
r-devel-linux-x86_64-debian-gcc 8.4.3 1.57 16.58 18.15 NOTE
r-devel-linux-x86_64-fedora-clang 8.4.3 37.12 NOTE
r-devel-linux-x86_64-fedora-gcc 8.4.3 26.30 NOTE
r-devel-windows-x86_64 8.4.3 4.00 36.00 40.00 NOTE
r-devel-windows-x86_64-gcc10-UCRT 8.4.3 NOTE
r-patched-linux-x86_64 8.4.3 NOTE
r-patched-solaris-x86 8.4.3 44.70 NOTE
r-release-linux-x86_64 8.4.3 1.73 20.03 21.76 NOTE
r-release-macos-arm64 8.4.3 NOTE
r-release-macos-x86_64 8.4.3 NOTE
r-release-windows-ix86+x86_64 8.4.3 5.00 36.00 41.00 NOTE
r-oldrel-macos-x86_64 8.4.3 NOTE
r-oldrel-windows-ix86+x86_64 8.4.3 4.00 37.00 41.00 OK

Check Details

Version: 8.4.3
Check: LazyData
Result: NOTE
     'LazyData' is specified without a 'data' directory
Flavors: r-devel-linux-x86_64-debian-clang, r-devel-linux-x86_64-debian-gcc, r-devel-linux-x86_64-fedora-clang, r-devel-linux-x86_64-fedora-gcc, r-devel-windows-x86_64, r-devel-windows-x86_64-gcc10-UCRT, r-patched-linux-x86_64, r-patched-solaris-x86, r-release-linux-x86_64, r-release-macos-arm64, r-release-macos-x86_64, r-release-windows-ix86+x86_64

Version: 8.4.3
Check: dependencies in R code
Result: NOTE
    Namespace in Imports field not imported from: ‘jsonlite’
     All declared Imports should be used.
Flavors: r-devel-linux-x86_64-fedora-clang, r-devel-linux-x86_64-fedora-gcc, r-devel-windows-x86_64-gcc10-UCRT, r-patched-solaris-x86, r-release-macos-arm64, r-release-macos-x86_64, r-oldrel-macos-x86_64