CRAN Package Check Results for Package rankFD

Last updated on 2021-09-28 07:48:38 CEST.

Flavor Version Tinstall Tcheck Ttotal Status Flags
r-devel-linux-x86_64-debian-clang 0.1.0 10.44 89.02 99.46 OK
r-devel-linux-x86_64-debian-gcc 0.1.0 9.49 67.55 77.04 OK
r-devel-linux-x86_64-fedora-clang 0.1.0 127.48 OK
r-devel-linux-x86_64-fedora-gcc 0.1.0 116.97 OK
r-devel-windows-x86_64 0.1.0 12.00 86.00 98.00 OK
r-devel-windows-x86_64-gcc10-UCRT 0.1.0 OK
r-patched-linux-x86_64 0.1.0 12.10 85.34 97.44 OK
r-patched-solaris-x86 0.1.0 162.10 NOTE
r-release-linux-x86_64 0.1.0 11.64 85.69 97.33 OK
r-release-macos-arm64 0.1.0 NOTE
r-release-macos-x86_64 0.1.0 OK
r-release-windows-ix86+x86_64 0.1.0 24.00 79.00 103.00 OK
r-oldrel-macos-x86_64 0.1.0 OK
r-oldrel-windows-ix86+x86_64 0.1.0 19.00 112.00 131.00 OK

Check Details

Version: 0.1.0
Check: dependencies in R code
Result: NOTE
    R: Fatal IO error 146 (Connection refused) on X server :5.0.
Flavor: r-patched-solaris-x86

Version: 0.1.0
Check: package dependencies
Result: NOTE
    Package suggested but not available for checking: ‘RGtk2’
Flavor: r-release-macos-arm64