CRAN Package Check Results for Package rangeBuilder

Last updated on 2021-06-20 13:49:07 CEST.

Flavor Version Tinstall Tcheck Ttotal Status Flags
r-devel-linux-x86_64-debian-clang 1.5 39.42 120.91 160.33 OK
r-devel-linux-x86_64-debian-gcc 1.5 29.46 94.50 123.96 OK
r-devel-linux-x86_64-fedora-clang 1.5 210.28 OK
r-devel-linux-x86_64-fedora-gcc 1.5 199.83 OK
r-devel-windows-x86_64 1.5 53.00 155.00 208.00 OK
r-devel-windows-x86_64-gcc10-UCRT 1.5 OK
r-patched-linux-x86_64 1.5 39.17 116.20 155.37 OK
r-patched-solaris-x86 1.5 293.80 OK
r-release-linux-x86_64 1.5 34.36 116.74 151.10 OK
r-release-macos-arm64 1.5 OK
r-release-macos-x86_64 1.5 OK
r-release-windows-ix86+x86_64 1.5 77.00 217.00 294.00 NOTE
r-oldrel-macos-x86_64 1.5 OK
r-oldrel-windows-ix86+x86_64 1.5 57.00 225.00 282.00 NOTE

Check Details

Version: 1.5
Check: installed package size
Result: NOTE
     installed size is 5.3Mb
     sub-directories of 1Mb or more:
     R 2.4Mb
     libs 2.0Mb
Flavors: r-release-windows-ix86+x86_64, r-oldrel-windows-ix86+x86_64