Last updated on 2023-01-30 00:31:21 CET.
Flavor | Version | Tinstall | Tcheck | Ttotal | Status | Flags |
---|---|---|---|---|---|---|
r-devel-linux-x86_64-debian-clang | 2.0 | 21.26 | 71.43 | 92.69 | OK | |
r-devel-linux-x86_64-debian-gcc | 2.0 | 17.56 | 53.02 | 70.58 | NOTE | |
r-devel-linux-x86_64-fedora-clang | 2.0 | 128.48 | NOTE | |||
r-devel-linux-x86_64-fedora-gcc | 2.0 | 124.23 | NOTE | |||
r-devel-windows-x86_64 | 2.0 | 42.00 | 125.00 | 167.00 | NOTE | |
r-patched-linux-x86_64 | 2.0 | 24.52 | 68.68 | 93.20 | OK | |
r-release-linux-x86_64 | 2.0 | 19.14 | 70.77 | 89.91 | OK | |
r-release-macos-arm64 | 2.0 | 48.00 | OK | |||
r-release-macos-x86_64 | 2.0 | 52.00 | OK | |||
r-release-windows-x86_64 | 2.0 | 42.00 | 122.00 | 164.00 | OK | |
r-oldrel-macos-arm64 | 2.0 | 50.00 | OK | |||
r-oldrel-macos-x86_64 | 2.0 | 54.00 | OK | |||
r-oldrel-windows-ix86+x86_64 | 2.0 | 56.00 | 149.00 | 205.00 | OK |
Version: 2.0
Check: C++ specification
Result: NOTE
Specified C++11: please update to current default of C++17
Flavors: r-devel-linux-x86_64-debian-gcc, r-devel-linux-x86_64-fedora-clang, r-devel-linux-x86_64-fedora-gcc, r-devel-windows-x86_64