CRAN Package Check Results for Package rameritrade

Last updated on 2021-08-04 13:53:13 CEST.

Flavor Version Tinstall Tcheck Ttotal Status Flags
r-devel-linux-x86_64-debian-clang 0.1.5 2.67 25.12 27.79 NOTE
r-devel-linux-x86_64-debian-gcc 0.1.5 2.07 19.71 21.78 NOTE
r-devel-linux-x86_64-fedora-clang 0.1.5 42.54 NOTE
r-devel-linux-x86_64-fedora-gcc 0.1.5 32.32 NOTE
r-devel-windows-x86_64 0.1.5 4.00 41.00 45.00 NOTE
r-devel-windows-x86_64-gcc10-UCRT 0.1.5 NOTE
r-patched-linux-x86_64 0.1.5 2.89 24.14 27.03 NOTE
r-patched-solaris-x86 0.1.5 47.70 NOTE
r-release-linux-x86_64 0.1.5 2.40 24.25 26.65 NOTE
r-release-macos-arm64 0.1.5 NOTE
r-release-macos-x86_64 0.1.5 NOTE
r-release-windows-ix86+x86_64 0.1.5 6.00 33.00 39.00 NOTE
r-oldrel-macos-x86_64 0.1.5 OK
r-oldrel-windows-ix86+x86_64 0.1.5 5.00 44.00 49.00 OK

Check Details

Version: 0.1.5
Check: LazyData
Result: NOTE
     'LazyData' is specified without a 'data' directory
Flavors: r-devel-linux-x86_64-debian-clang, r-devel-linux-x86_64-debian-gcc, r-devel-linux-x86_64-fedora-clang, r-devel-linux-x86_64-fedora-gcc, r-devel-windows-x86_64, r-devel-windows-x86_64-gcc10-UCRT, r-patched-linux-x86_64, r-patched-solaris-x86, r-release-linux-x86_64, r-release-macos-arm64, r-release-macos-x86_64, r-release-windows-ix86+x86_64