CRAN Package Check Results for Package ralger

Last updated on 2021-07-23 19:50:13 CEST.

Flavor Version Tinstall Tcheck Ttotal Status Flags
r-devel-linux-x86_64-debian-clang 2.2.4 4.75 54.93 59.68 NOTE
r-devel-linux-x86_64-debian-gcc 2.2.4 3.91 40.58 44.49 NOTE
r-devel-linux-x86_64-fedora-clang 2.2.4 80.16 NOTE
r-devel-linux-x86_64-fedora-gcc 2.2.4 66.09 NOTE
r-devel-windows-x86_64 2.2.4 7.00 64.00 71.00 NOTE
r-devel-windows-x86_64-gcc10-UCRT 2.2.4 NOTE
r-patched-linux-x86_64 2.2.4 4.70 50.71 55.41 NOTE
r-patched-solaris-x86 2.2.4 104.10 NOTE
r-release-linux-x86_64 2.2.4 4.17 50.64 54.81 NOTE
r-release-macos-arm64 2.2.4 NOTE
r-release-macos-x86_64 2.2.4 NOTE
r-release-windows-ix86+x86_64 2.2.4 12.00 61.00 73.00 NOTE
r-oldrel-macos-x86_64 2.2.4 OK
r-oldrel-windows-ix86+x86_64 2.2.4 12.00 83.00 95.00 OK

Check Details

Version: 2.2.4
Check: LazyData
Result: NOTE
     'LazyData' is specified without a 'data' directory
Flavors: r-devel-linux-x86_64-debian-clang, r-devel-linux-x86_64-debian-gcc, r-devel-linux-x86_64-fedora-clang, r-devel-linux-x86_64-fedora-gcc, r-devel-windows-x86_64, r-devel-windows-x86_64-gcc10-UCRT, r-patched-linux-x86_64, r-patched-solaris-x86, r-release-linux-x86_64, r-release-macos-arm64, r-release-macos-x86_64, r-release-windows-ix86+x86_64