CRAN Package Check Results for Package radsafer

Last updated on 2021-11-26 19:53:01 CET.

Flavor Version Tinstall Tcheck Ttotal Status Flags
r-devel-linux-x86_64-debian-clang 2.2.5 4.59 47.14 51.73 OK
r-devel-linux-x86_64-debian-gcc 2.2.5 3.26 36.38 39.64 OK
r-devel-linux-x86_64-fedora-clang 2.2.5 74.18 NOTE
r-devel-linux-x86_64-fedora-gcc 2.2.5 62.84 NOTE
r-devel-windows-x86_64-new-UL 2.2.5 13.00 93.00 106.00 OK
r-devel-windows-x86_64-new-TK 2.2.5 NOTE
r-devel-windows-x86_64-old 2.2.5 7.00 74.00 81.00 OK
r-patched-linux-x86_64 2.2.5 4.97 44.23 49.20 OK
r-patched-solaris-x86 2.2.5 74.60 NOTE
r-release-linux-x86_64 2.2.5 OK
r-release-macos-arm64 2.2.5 NOTE
r-release-macos-x86_64 2.2.5 NOTE
r-release-windows-ix86+x86_64 2.2.5 8.00 51.00 59.00 OK
r-oldrel-macos-x86_64 2.2.5 NOTE
r-oldrel-windows-ix86+x86_64 2.2.5 9.00 77.00 86.00 OK

Check Details

Version: 2.2.5
Check: dependencies in R code
Result: NOTE
    Namespaces in Imports field not imported from:
     ‘qpdf’ ‘utf8’
     All declared Imports should be used.
Flavors: r-devel-linux-x86_64-fedora-clang, r-devel-linux-x86_64-fedora-gcc, r-devel-windows-x86_64-new-TK, r-patched-solaris-x86, r-release-macos-arm64, r-release-macos-x86_64, r-oldrel-macos-x86_64