CRAN Package Check Results for Package radiant

Last updated on 2021-06-19 01:50:30 CEST.

Flavor Version Tinstall Tcheck Ttotal Status Flags
r-devel-linux-x86_64-debian-clang 1.4.0 14.10 173.30 187.40 OK
r-devel-linux-x86_64-debian-gcc 1.4.0 12.23 128.91 141.14 OK
r-devel-linux-x86_64-fedora-clang 1.4.0 229.63 NOTE
r-devel-linux-x86_64-fedora-gcc 1.4.0 230.49 OK
r-devel-windows-x86_64 1.4.0 26.00 207.00 233.00 NOTE
r-devel-windows-x86_64-gcc10-UCRT 1.4.0 OK
r-patched-linux-x86_64 1.4.0 16.90 160.61 177.51 OK
r-patched-solaris-x86 1.4.0 311.20 NOTE
r-release-linux-x86_64 1.4.0 12.61 162.14 174.75 OK
r-release-macos-arm64 1.4.0 NOTE
r-release-macos-x86_64 1.4.0 NOTE
r-release-windows-ix86+x86_64 1.4.0 43.00 197.00 240.00 NOTE
r-oldrel-macos-x86_64 1.4.0 NOTE
r-oldrel-windows-ix86+x86_64 1.4.0 32.00 219.00 251.00 NOTE

Check Details

Version: 1.4.0
Check: installed package size
Result: NOTE
     installed size is 5.3Mb
     sub-directories of 1Mb or more:
     doc 5.1Mb
Flavors: r-devel-linux-x86_64-fedora-clang, r-devel-windows-x86_64, r-patched-solaris-x86, r-release-macos-arm64, r-release-macos-x86_64, r-release-windows-ix86+x86_64, r-oldrel-macos-x86_64, r-oldrel-windows-ix86+x86_64