CRAN Package Check Results for Package radiant.design

Last updated on 2021-06-24 01:50:32 CEST.

Flavor Version Tinstall Tcheck Ttotal Status Flags
r-devel-linux-x86_64-debian-clang 1.3.5 12.59 99.51 112.10 OK
r-devel-linux-x86_64-debian-gcc 1.3.5 9.43 74.33 83.76 OK
r-devel-linux-x86_64-fedora-clang 1.3.5 139.88 OK
r-devel-linux-x86_64-fedora-gcc 1.3.5 126.53 OK
r-devel-windows-x86_64 1.3.5 19.00 113.00 132.00 OK
r-devel-windows-x86_64-gcc10-UCRT 1.3.5 ERROR
r-patched-linux-x86_64 1.3.5 11.14 93.68 104.82 OK
r-patched-solaris-x86 1.3.5 183.00 OK
r-release-linux-x86_64 1.3.5 10.95 93.44 104.39 OK
r-release-macos-arm64 1.3.5 OK
r-release-macos-x86_64 1.3.5 OK
r-release-windows-ix86+x86_64 1.3.5 24.00 95.00 119.00 OK
r-oldrel-macos-x86_64 1.3.5 OK

Check Details

Version: 1.3.5
Check: package dependencies
Result: ERROR
    Package required but not available: 'radiant.data'
    
    Package suggested but not available for checking: 'pkgdown'
    
    See section 'The DESCRIPTION file' in the 'Writing R Extensions'
    manual.
Flavor: r-devel-windows-x86_64-gcc10-UCRT