CRAN Package Check Results for Package raceland

Last updated on 2021-06-18 22:54:39 CEST.

Flavor Version Tinstall Tcheck Ttotal Status Flags
r-devel-linux-x86_64-debian-clang 1.1.1 85.02 271.28 356.30 OK
r-devel-linux-x86_64-debian-gcc 1.1.1 53.13 237.71 290.84 OK
r-devel-linux-x86_64-fedora-clang 1.1.1 451.79 NOTE
r-devel-linux-x86_64-fedora-gcc 1.1.1 433.00 NOTE
r-devel-windows-x86_64 1.1.1 100.00 332.00 432.00 OK
r-devel-windows-x86_64-gcc10-UCRT 1.1.1 ERROR
r-patched-linux-x86_64 1.1.1 68.31 266.71 335.02 OK
r-patched-solaris-x86 1.1.1 620.90 NOTE
r-release-linux-x86_64 1.1.1 62.37 267.82 330.19 OK
r-release-macos-arm64 1.1.1 NOTE
r-release-macos-x86_64 1.1.1 NOTE
r-release-windows-ix86+x86_64 1.1.1 189.00 369.00 558.00 OK
r-oldrel-macos-x86_64 1.1.1 NOTE
r-oldrel-windows-ix86+x86_64 1.1.1 146.00 328.00 474.00 OK

Check Details

Version: 1.1.1
Check: dependencies in R code
Result: NOTE
    Namespaces in Imports field not imported from:
     ‘comat’ ‘rgdal’
     All declared Imports should be used.
Flavors: r-devel-linux-x86_64-fedora-clang, r-devel-linux-x86_64-fedora-gcc, r-patched-solaris-x86, r-release-macos-arm64, r-release-macos-x86_64, r-oldrel-macos-x86_64

Version: 1.1.1
Check: package dependencies
Result: ERROR
    Package required but not available: 'sf'
    
    See section 'The DESCRIPTION file' in the 'Writing R Extensions'
    manual.
Flavor: r-devel-windows-x86_64-gcc10-UCRT