CRAN Package Check Results for Package rSHAPE

Last updated on 2022-09-28 18:49:07 CEST.

Flavor Version Tinstall Tcheck Ttotal Status Flags
r-devel-linux-x86_64-debian-clang 0.3.2 10.52 81.32 91.84 NOTE
r-devel-linux-x86_64-debian-gcc 0.3.2 9.41 61.74 71.15 NOTE
r-devel-linux-x86_64-fedora-clang 0.3.2 127.18 NOTE
r-devel-linux-x86_64-fedora-gcc 0.3.2 118.83 NOTE
r-devel-windows-x86_64 0.3.2 24.00 116.00 140.00 NOTE
r-patched-linux-x86_64 0.3.2 11.95 77.15 89.10 NOTE
r-release-linux-x86_64 0.3.2 11.05 75.78 86.83 NOTE
r-release-macos-arm64 0.3.2 33.00 NOTE
r-release-macos-x86_64 0.3.2 45.00 NOTE
r-release-windows-x86_64 0.3.2 32.00 107.00 139.00 NOTE
r-oldrel-macos-arm64 0.3.2 35.00 NOTE
r-oldrel-macos-x86_64 0.3.2 54.00 NOTE
r-oldrel-windows-ix86+x86_64 0.3.2 23.00 107.00 130.00 NOTE

Check Details

Version: 0.3.2
Check: LazyData
Result: NOTE
     'LazyData' is specified without a 'data' directory
Flavors: r-devel-linux-x86_64-debian-clang, r-devel-linux-x86_64-debian-gcc, r-devel-linux-x86_64-fedora-clang, r-devel-linux-x86_64-fedora-gcc, r-devel-windows-x86_64, r-patched-linux-x86_64, r-release-linux-x86_64, r-release-macos-arm64, r-release-macos-x86_64, r-release-windows-x86_64, r-oldrel-macos-arm64, r-oldrel-macos-x86_64, r-oldrel-windows-ix86+x86_64