CRAN Package Check Results for Package rPref

Last updated on 2024-02-21 21:49:51 CET.

Flavor Version Tinstall Tcheck Ttotal Status Flags
r-devel-linux-x86_64-debian-clang 1.4.0 NOTE
r-devel-linux-x86_64-debian-gcc 1.4.0 62.97 55.44 118.41 NOTE
r-devel-linux-x86_64-fedora-clang 1.4.0 225.06 NOTE
r-devel-linux-x86_64-fedora-gcc 1.4.0 244.39 NOTE
r-devel-windows-x86_64 1.4.0 64.00 96.00 160.00 NOTE
r-patched-linux-x86_64 1.4.0 82.42 71.67 154.09 NOTE
r-release-linux-x86_64 1.4.0 78.63 69.80 148.43 NOTE
r-release-macos-arm64 1.4.0 77.00 NOTE
r-release-macos-x86_64 1.4.0 118.00 NOTE
r-release-windows-x86_64 1.4.0 86.00 109.00 195.00 NOTE
r-oldrel-macos-arm64 1.4.0 64.00 NOTE
r-oldrel-windows-x86_64 1.4.0 85.00 116.00 201.00 NOTE

Check Details

Version: 1.4.0
Check: C++ specification
Result: NOTE Specified C++11: please drop specification unless essential Flavors: r-devel-linux-x86_64-debian-clang, r-devel-linux-x86_64-debian-gcc, r-devel-linux-x86_64-fedora-clang, r-devel-linux-x86_64-fedora-gcc, r-devel-windows-x86_64, r-patched-linux-x86_64, r-release-linux-x86_64, r-release-macos-arm64, r-release-macos-x86_64, r-release-windows-x86_64

Version: 1.4.0
Check: Rd files
Result: NOTE checkRd: (-1) psel.Rd:83: Lost braces; missing escapes or markup? 83 | For example, a \code{top=1} preference selection on the tuples {(a=1, b=1), (a=1, b=2)} | ^ Flavors: r-devel-linux-x86_64-debian-clang, r-devel-linux-x86_64-debian-gcc

Version: 1.4.0
Check: for GNU extensions in Makefiles
Result: NOTE GNU make is a SystemRequirements. Flavors: r-devel-linux-x86_64-debian-clang, r-devel-linux-x86_64-debian-gcc, r-devel-linux-x86_64-fedora-clang, r-devel-linux-x86_64-fedora-gcc, r-devel-windows-x86_64, r-patched-linux-x86_64, r-release-linux-x86_64, r-release-macos-arm64, r-release-macos-x86_64, r-release-windows-x86_64, r-oldrel-macos-arm64, r-oldrel-windows-x86_64