Last updated on 2023-01-30 12:55:29 CET.
Flavor | Version | Tinstall | Tcheck | Ttotal | Status | Flags |
---|---|---|---|---|---|---|
r-devel-linux-x86_64-debian-clang | 1.1.2 | 9.80 | 154.50 | 164.30 | OK | |
r-devel-linux-x86_64-debian-gcc | 1.1.2 | 7.29 | 117.01 | 124.30 | OK | |
r-devel-linux-x86_64-fedora-clang | 1.1.2 | 200.21 | NOTE | |||
r-devel-linux-x86_64-fedora-gcc | 1.1.2 | 214.98 | NOTE | |||
r-devel-windows-x86_64 | 1.1.2 | 56.00 | 193.00 | 249.00 | OK | |
r-patched-linux-x86_64 | 1.1.2 | 9.27 | 146.33 | 155.60 | OK | |
r-release-linux-x86_64 | 1.1.2 | 8.80 | 145.53 | 154.33 | OK | |
r-release-macos-arm64 | 1.1.2 | 63.00 | NOTE | |||
r-release-macos-x86_64 | 1.1.2 | 110.00 | NOTE | |||
r-release-windows-x86_64 | 1.1.2 | 44.00 | 204.00 | 248.00 | OK | |
r-oldrel-macos-arm64 | 1.1.2 | 75.00 | NOTE | |||
r-oldrel-macos-x86_64 | 1.1.2 | 162.00 | NOTE | |||
r-oldrel-windows-ix86+x86_64 | 1.1.2 | 20.00 | 190.00 | 210.00 | OK |
Version: 1.1.2
Check: dependencies in R code
Result: NOTE
Namespace in Imports field not imported from: ‘qtl’
All declared Imports should be used.
Flavors: r-devel-linux-x86_64-fedora-clang, r-devel-linux-x86_64-fedora-gcc, r-release-macos-arm64, r-release-macos-x86_64, r-oldrel-macos-arm64, r-oldrel-macos-x86_64