CRAN Package Check Results for Package rNOMADS

Last updated on 2021-09-20 19:53:06 CEST.

Flavor Version Tinstall Tcheck Ttotal Status Flags
r-devel-linux-x86_64-debian-clang 2.5.0 4.25 36.89 41.14 OK
r-devel-linux-x86_64-debian-gcc 2.5.0 3.74 28.17 31.91 OK
r-devel-linux-x86_64-fedora-clang 2.5.0 58.48 OK
r-devel-linux-x86_64-fedora-gcc 2.5.0 47.13 OK
r-devel-windows-x86_64 2.5.0 6.00 45.00 51.00 OK
r-devel-windows-x86_64-gcc10-UCRT 2.5.0 ERROR
r-patched-linux-x86_64 2.5.0 5.54 35.65 41.19 OK
r-patched-solaris-x86 2.5.0 71.00 OK
r-release-linux-x86_64 2.5.0 3.80 35.48 39.28 OK
r-release-macos-arm64 2.5.0 OK
r-release-macos-x86_64 2.5.0 OK
r-release-windows-ix86+x86_64 2.5.0 11.00 44.00 55.00 OK
r-oldrel-macos-x86_64 2.5.0 OK
r-oldrel-windows-ix86+x86_64 2.5.0 10.00 43.00 53.00 OK

Check Details

Version: 2.5.0
Check: package dependencies
Result: ERROR
    Package required but not available: 'XML'
    
    See section 'The DESCRIPTION file' in the 'Writing R Extensions'
    manual.
Flavor: r-devel-windows-x86_64-gcc10-UCRT