CRAN Package Check Results for Package rMVP

Last updated on 2021-11-26 19:53:03 CET.

Flavor Version Tinstall Tcheck Ttotal Status Flags
r-devel-linux-x86_64-debian-clang 1.0.6 119.52 71.26 190.78 OK
r-devel-linux-x86_64-debian-gcc 1.0.6 89.32 53.77 143.09 OK
r-devel-linux-x86_64-fedora-clang 1.0.6 292.73 NOTE
r-devel-linux-x86_64-fedora-gcc 1.0.6 254.02 NOTE
r-devel-windows-x86_64-new-UL 1.0.6 163.00 143.00 306.00 OK
r-devel-windows-x86_64-new-TK 1.0.6 NOTE
r-devel-windows-x86_64-old 1.0.6 116.00 112.00 228.00 OK
r-patched-linux-x86_64 1.0.6 104.32 68.46 172.78 OK
r-patched-solaris-x86 1.0.6 235.00 NOTE
r-release-linux-x86_64 1.0.6 OK
r-release-macos-arm64 1.0.6 NOTE
r-release-macos-x86_64 1.0.6 NOTE
r-release-windows-ix86+x86_64 1.0.6 293.00 98.00 391.00 OK
r-oldrel-macos-x86_64 1.0.6 NOTE
r-oldrel-windows-ix86+x86_64 1.0.6 219.00 129.00 348.00 OK

Check Details

Version: 1.0.6
Check: installed package size
Result: NOTE
     installed size is 18.2Mb
     sub-directories of 1Mb or more:
     libs 17.0Mb
Flavors: r-devel-linux-x86_64-fedora-clang, r-release-macos-arm64, r-release-macos-x86_64, r-oldrel-macos-x86_64

Version: 1.0.6
Check: dependencies in R code
Result: NOTE
    Namespace in Imports field not imported from: ‘Rcpp’
     All declared Imports should be used.
Flavors: r-devel-linux-x86_64-fedora-clang, r-devel-linux-x86_64-fedora-gcc, r-devel-windows-x86_64-new-TK, r-patched-solaris-x86, r-release-macos-arm64, r-release-macos-x86_64, r-oldrel-macos-x86_64